Last updated on 2025-05-17 07:50:13 CEST.
Flavor | Version | Tinstall | Tcheck | Ttotal | Status | Flags |
---|---|---|---|---|---|---|
r-devel-linux-x86_64-debian-clang | 2.1.1 | 9.63 | 141.91 | 151.54 | NOTE | |
r-devel-linux-x86_64-debian-gcc | 2.1.1 | 7.41 | 89.85 | 97.26 | NOTE | |
r-devel-linux-x86_64-fedora-clang | 2.1.1 | 243.71 | OK | |||
r-devel-linux-x86_64-fedora-gcc | 2.1.1 | 243.44 | OK | |||
r-devel-windows-x86_64 | 2.1.1 | 13.00 | 145.00 | 158.00 | OK | |
r-patched-linux-x86_64 | 2.1.1 | 10.67 | 131.70 | 142.37 | OK | |
r-release-linux-x86_64 | 2.1.1 | 8.76 | 130.07 | 138.83 | OK | |
r-release-macos-arm64 | 2.1.1 | 66.00 | OK | |||
r-release-macos-x86_64 | 2.1.1 | 119.00 | OK | |||
r-release-windows-x86_64 | 2.1.1 | 12.00 | 148.00 | 160.00 | OK | |
r-oldrel-macos-arm64 | 2.1.1 | 62.00 | OK | |||
r-oldrel-macos-x86_64 | 2.1.1 | 92.00 | OK | |||
r-oldrel-windows-x86_64 | 2.1.1 | 17.00 | 182.00 | 199.00 | OK |
Version: 2.1.1
Check: CRAN incoming feasibility
Result: NOTE
Maintainer: ‘Emilio Akira Morones Ishikawa <emiliomorones@gmail.com>’
No Authors@R field in DESCRIPTION.
Please add one, modifying
Authors@R: c(person(given = c("L.", "E."),
family = "Nieto-Barajas",
role = "aut"),
person(given = c("J.", "A.", "Garcia"),
family = "Bueno",
role = "aut"),
person(given = c("E.A.", "Morones"),
family = "Ishikawa",
role = "aut"),
person(given = "J.",
family = "Pliego",
role = "aut"),
person(given = c("Emilio", "Akira", "Morones"),
family = "Ishikawa",
role = "cre",
email = "emiliomorones@gmail.com"))
as necessary.
Flavors: r-devel-linux-x86_64-debian-clang, r-devel-linux-x86_64-debian-gcc