Last updated on 2024-07-13 11:49:08 CEST.
Flavor | Version | Tinstall | Tcheck | Ttotal | Status | Flags |
---|---|---|---|---|---|---|
r-devel-linux-x86_64-debian-clang | 2.5.7 | 154.17 | 614.37 | 768.54 | NOTE | |
r-devel-linux-x86_64-debian-gcc | 2.5.7 | 99.74 | 421.83 | 521.57 | NOTE | |
r-devel-linux-x86_64-fedora-clang | 2.5.7 | 641.65 | NOTE | |||
r-devel-linux-x86_64-fedora-gcc | 2.5.7 | 620.88 | NOTE | |||
r-devel-windows-x86_64 | 2.5.7 | 108.00 | 434.00 | 542.00 | NOTE | |
r-patched-linux-x86_64 | 2.5.7 | 116.56 | 577.77 | 694.33 | NOTE | |
r-release-linux-x86_64 | 2.5.6 | 112.32 | 334.90 | 447.22 | NOTE | |
r-release-macos-arm64 | 2.5.7 | 153.00 | NOTE | |||
r-release-macos-x86_64 | 2.5.7 | 343.00 | NOTE | |||
r-release-windows-x86_64 | 2.5.7 | 93.00 | 385.00 | 478.00 | NOTE | |
r-oldrel-macos-arm64 | 2.5.7 | 224.00 | NOTE | |||
r-oldrel-macos-x86_64 | 2.5.7 | 339.00 | NOTE | |||
r-oldrel-windows-x86_64 | 2.5.7 | 82.00 | 234.00 | 316.00 | NOTE |
Version: 2.5.7
Check: for GNU extensions in Makefiles
Result: NOTE
GNU make is a SystemRequirements.
Flavors: r-devel-linux-x86_64-debian-clang, r-devel-linux-x86_64-debian-gcc, r-devel-linux-x86_64-fedora-clang, r-devel-linux-x86_64-fedora-gcc, r-devel-windows-x86_64, r-patched-linux-x86_64, r-release-macos-arm64, r-release-macos-x86_64, r-release-windows-x86_64, r-oldrel-macos-arm64, r-oldrel-macos-x86_64, r-oldrel-windows-x86_64
Version: 2.5.7
Check: data for non-ASCII characters
Result: NOTE
Note: found 582 marked UTF-8 strings
Flavors: r-devel-linux-x86_64-fedora-clang, r-devel-linux-x86_64-fedora-gcc
Version: 2.5.7
Check: installed package size
Result: NOTE
installed size is 5.6Mb
sub-directories of 1Mb or more:
doc 2.8Mb
libs 1.3Mb
Flavors: r-devel-windows-x86_64, r-release-macos-arm64, r-release-macos-x86_64, r-release-windows-x86_64, r-oldrel-macos-arm64, r-oldrel-macos-x86_64, r-oldrel-windows-x86_64
Version: 2.5.6
Check: for GNU extensions in Makefiles
Result: NOTE
GNU make is a SystemRequirements.
Flavor: r-release-linux-x86_64