Last updated on 2024-07-13 05:49:09 CEST.
Flavor | Version | Tinstall | Tcheck | Ttotal | Status | Flags |
---|---|---|---|---|---|---|
r-devel-linux-x86_64-debian-clang | 0.2.0 | 3.89 | 41.64 | 45.53 | NOTE | |
r-devel-linux-x86_64-debian-gcc | 0.2.0 | 2.60 | 31.55 | 34.15 | NOTE | |
r-devel-linux-x86_64-fedora-clang | 0.2.0 | 56.61 | NOTE | |||
r-devel-linux-x86_64-fedora-gcc | 0.2.0 | 66.28 | NOTE | |||
r-devel-windows-x86_64 | 0.2.0 | 6.00 | 56.00 | 62.00 | NOTE | |
r-patched-linux-x86_64 | 0.2.0 | 2.26 | 39.46 | 41.72 | NOTE | |
r-release-linux-x86_64 | 0.2.0 | 3.42 | 39.13 | 42.55 | NOTE | |
r-release-macos-arm64 | 0.2.0 | 39.00 | NOTE | |||
r-release-macos-x86_64 | 0.2.0 | 50.00 | NOTE | |||
r-release-windows-x86_64 | 0.2.0 | 4.00 | 54.00 | 58.00 | NOTE | |
r-oldrel-macos-arm64 | 0.2.0 | 31.00 | NOTE | |||
r-oldrel-macos-x86_64 | 0.2.0 | 42.00 | NOTE | |||
r-oldrel-windows-x86_64 | 0.2.0 | 5.00 | 56.00 | 61.00 | NOTE |
Version: 0.2.0
Check: package subdirectories
Result: NOTE
Problems with news in ‘NEWS.md’:
No news entries found.
Flavors: r-devel-linux-x86_64-debian-clang, r-devel-linux-x86_64-debian-gcc, r-devel-linux-x86_64-fedora-clang, r-devel-linux-x86_64-fedora-gcc, r-devel-windows-x86_64, r-patched-linux-x86_64, r-release-linux-x86_64, r-release-macos-arm64, r-release-macos-x86_64, r-release-windows-x86_64, r-oldrel-macos-arm64, r-oldrel-macos-x86_64, r-oldrel-windows-x86_64
Version: 0.2.0
Check: LazyData
Result: NOTE
'LazyData' is specified without a 'data' directory
Flavors: r-devel-linux-x86_64-debian-clang, r-devel-linux-x86_64-debian-gcc, r-devel-linux-x86_64-fedora-clang, r-devel-linux-x86_64-fedora-gcc, r-devel-windows-x86_64, r-patched-linux-x86_64, r-release-linux-x86_64, r-release-macos-arm64, r-release-macos-x86_64, r-release-windows-x86_64, r-oldrel-macos-arm64, r-oldrel-macos-x86_64, r-oldrel-windows-x86_64