Last updated on 2025-04-29 13:51:18 CEST.
Flavor | Version | Tinstall | Tcheck | Ttotal | Status | Flags |
---|---|---|---|---|---|---|
r-devel-linux-x86_64-debian-clang | 0.9.4 | 7.68 | 69.11 | 76.79 | NOTE | |
r-devel-linux-x86_64-debian-gcc | 0.9.4 | 5.02 | 48.91 | 53.93 | NOTE | |
r-devel-linux-x86_64-fedora-clang | 0.9.4 | 119.16 | OK | |||
r-devel-linux-x86_64-fedora-gcc | 0.9.4 | 121.60 | OK | |||
r-devel-windows-x86_64 | 0.9.4 | 7.00 | 79.00 | 86.00 | OK | |
r-patched-linux-x86_64 | 0.9.4 | 6.69 | 65.38 | 72.07 | OK | |
r-release-linux-x86_64 | 0.9.4 | 6.91 | 65.74 | 72.65 | OK | |
r-release-macos-arm64 | 0.9.4 | 36.00 | OK | |||
r-release-macos-x86_64 | 0.9.4 | 67.00 | OK | |||
r-release-windows-x86_64 | 0.9.4 | 9.00 | 81.00 | 90.00 | OK | |
r-oldrel-macos-arm64 | 0.9.4 | 35.00 | OK | |||
r-oldrel-macos-x86_64 | 0.9.4 | 53.00 | OK | |||
r-oldrel-windows-x86_64 | 0.9.4 | 10.00 | 97.00 | 107.00 | OK |
Version: 0.9.4
Check: CRAN incoming feasibility
Result: NOTE
Maintainer: ‘Alireza S. Mahani <alireza.s.mahani@gmail.com>’
No Authors@R field in DESCRIPTION.
Please add one, modifying
Authors@R: c(person(given = c("Alireza", "S."),
family = "Mahani",
role = c("aut", "cre"),
email = "alireza.s.mahani@gmail.com"),
person(given = c("Mansour", "T.A."),
family = "Sharabiani",
role = "aut"))
as necessary.
Flavors: r-devel-linux-x86_64-debian-clang, r-devel-linux-x86_64-debian-gcc
Version: 0.9.4
Check: examples
Result: NOTE
Examples with CPU (user + system) or elapsed time > 5s
user system elapsed
crossval_bsgw 4.723 0 7.024
Flavor: r-devel-linux-x86_64-debian-clang