CRAN Package Check Results for Package BT

Last updated on 2025-11-16 00:48:26 CET.

Flavor Version Tinstall Tcheck Ttotal Status Flags
r-devel-linux-x86_64-debian-clang 0.4 2.90 401.09 403.99 NOTE
r-devel-linux-x86_64-debian-gcc 0.4 2.33 278.91 281.24 NOTE
r-devel-linux-x86_64-fedora-clang 0.4 604.44 OK
r-devel-linux-x86_64-fedora-gcc 0.4 689.05 OK
r-devel-windows-x86_64 0.4 8.00 492.00 500.00 NOTE
r-patched-linux-x86_64 0.4 3.86 365.99 369.85 NOTE
r-release-linux-x86_64 0.4 2.56 378.59 381.15 NOTE
r-release-macos-arm64 0.4 2.00 210.00 212.00 OK
r-release-macos-x86_64 0.4 5.00 576.00 581.00 OK
r-release-windows-x86_64 0.4 4.00 500.00 504.00 NOTE
r-oldrel-macos-arm64 0.4 1.00 192.00 193.00 OK
r-oldrel-macos-x86_64 0.4 2.00 385.00 387.00 OK
r-oldrel-windows-x86_64 0.4 4.00 613.00 617.00 OK

Check Details

Version: 0.4
Check: Rd cross-references
Result: NOTE Found the following Rd file(s) with Rd \link{} targets missing package anchors: BT.Rd: rpart, rpart.control BT_Call.Rd: rpart.control Please provide package anchors for all Rd \link{} targets not in the package itself and the base packages. Flavors: r-devel-linux-x86_64-debian-clang, r-devel-linux-x86_64-debian-gcc, r-devel-windows-x86_64, r-patched-linux-x86_64, r-release-linux-x86_64, r-release-windows-x86_64

Version: 0.4
Check: CRAN incoming feasibility
Result: NOTE Maintainer: ‘Gireg Willame <gireg.willame@gmail.com>’ The BugReports field in DESCRIPTION has https://github.com/GiregWillame/BT/issues/ which should likely be https://github.com/GiregWillame/BT/issues/issues instead. Flavor: r-devel-linux-x86_64-debian-gcc