Last updated on 2025-11-16 06:49:31 CET.
| Flavor | Version | Tinstall | Tcheck | Ttotal | Status | Flags |
|---|---|---|---|---|---|---|
| r-devel-linux-x86_64-debian-clang | 0.3.7 | 21.53 | 39.52 | 61.05 | NOTE | |
| r-devel-linux-x86_64-debian-gcc | 0.3.7 | 17.15 | 34.00 | 51.15 | NOTE | |
| r-devel-linux-x86_64-fedora-clang | 0.3.7 | 52.00 | 47.93 | 99.93 | NOTE | |
| r-devel-linux-x86_64-fedora-gcc | 0.3.7 | 59.00 | 38.65 | 97.65 | NOTE | |
| r-devel-windows-x86_64 | 0.3.7 | 35.00 | 71.00 | 106.00 | NOTE | |
| r-patched-linux-x86_64 | 0.3.7 | 24.92 | 36.31 | 61.23 | NOTE | |
| r-release-linux-x86_64 | 0.3.7 | 25.67 | 35.73 | 61.40 | NOTE | |
| r-release-macos-arm64 | 0.3.7 | 10.00 | 23.00 | 33.00 | NOTE | |
| r-release-macos-x86_64 | 0.3.7 | 12.00 | 40.00 | 52.00 | NOTE | |
| r-release-windows-x86_64 | 0.3.7 | 25.00 | 69.00 | 94.00 | NOTE | |
| r-oldrel-macos-arm64 | 0.3.7 | 9.00 | 26.00 | 35.00 | NOTE | |
| r-oldrel-macos-x86_64 | 0.3.7 | 11.00 | 36.00 | 47.00 | NOTE | |
| r-oldrel-windows-x86_64 | 0.3.7 | 27.00 | 83.00 | 110.00 | NOTE |
Version: 0.3.7
Check: Rd files
Result: NOTE
checkRd: (-1) terms.BTM.Rd:23-25: Lost braces in \itemize; \value handles \item{}{} directly
checkRd: (-1) terms.BTM.Rd:26-32: Lost braces in \itemize; \value handles \item{}{} directly
checkRd: (-1) terms.data.frame.Rd:25-31: Lost braces in \itemize; \value handles \item{}{} directly
checkRd: (-1) terms.data.frame.Rd:32-38: Lost braces in \itemize; \value handles \item{}{} directly
Flavors: r-devel-linux-x86_64-debian-clang, r-devel-linux-x86_64-debian-gcc, r-devel-linux-x86_64-fedora-clang, r-devel-linux-x86_64-fedora-gcc, r-devel-windows-x86_64, r-patched-linux-x86_64, r-release-linux-x86_64, r-release-macos-arm64, r-release-macos-x86_64, r-release-windows-x86_64, r-oldrel-macos-arm64, r-oldrel-macos-x86_64, r-oldrel-windows-x86_64