Last updated on 2025-04-29 13:51:18 CEST.
Flavor | Version | Tinstall | Tcheck | Ttotal | Status | Flags |
---|---|---|---|---|---|---|
r-devel-linux-x86_64-debian-clang | 1.2.1 | 3.21 | 29.22 | 32.43 | NOTE | |
r-devel-linux-x86_64-debian-gcc | 1.2.1 | 2.21 | 21.98 | 24.19 | NOTE | |
r-devel-linux-x86_64-fedora-clang | 1.2.1 | 50.08 | OK | |||
r-devel-linux-x86_64-fedora-gcc | 1.2.1 | 50.65 | OK | |||
r-devel-windows-x86_64 | 1.2.1 | 5.00 | 51.00 | 56.00 | OK | |
r-patched-linux-x86_64 | 1.2.1 | 3.64 | 26.51 | 30.15 | OK | |
r-release-linux-x86_64 | 1.2.1 | 2.58 | 26.54 | 29.12 | OK | |
r-release-macos-arm64 | 1.2.1 | 20.00 | OK | |||
r-release-macos-x86_64 | 1.2.1 | 33.00 | OK | |||
r-release-windows-x86_64 | 1.2.1 | 4.00 | 52.00 | 56.00 | OK | |
r-oldrel-macos-arm64 | 1.2.1 | 23.00 | NOTE | |||
r-oldrel-macos-x86_64 | 1.2.1 | 27.00 | NOTE | |||
r-oldrel-windows-x86_64 | 1.2.1 | 4.00 | 51.00 | 55.00 | NOTE |
Version: 1.2.1
Check: CRAN incoming feasibility
Result: NOTE
Maintainer: ‘Ken Kelley <kkelley@nd.edu>’
No Authors@R field in DESCRIPTION.
Please add one, modifying
Authors@R: c(person(given = c("Samantha", "F."),
family = "Anderson",
role = "aut",
email = "samantha.f.anderson@asu.edu"),
person(given = "Ken",
family = "Kelley",
role = c("aut", "cre"),
email = "kkelley@nd.edu"))
as necessary.
Flavors: r-devel-linux-x86_64-debian-clang, r-devel-linux-x86_64-debian-gcc
Version: 1.2.1
Check: LazyData
Result: NOTE
'LazyData' is specified without a 'data' directory
Flavors: r-oldrel-macos-arm64, r-oldrel-macos-x86_64, r-oldrel-windows-x86_64