Last updated on 2025-11-16 12:49:25 CET.
| Flavor | Version | Tinstall | Tcheck | Ttotal | Status | Flags |
|---|---|---|---|---|---|---|
| r-devel-linux-x86_64-debian-clang | 0.0.1 | 7.23 | 59.70 | 66.93 | OK | |
| r-devel-linux-x86_64-debian-gcc | 0.0.1 | 4.62 | 42.55 | 47.17 | OK | |
| r-devel-linux-x86_64-fedora-clang | 0.0.1 | 19.00 | 86.16 | 105.16 | OK | |
| r-devel-linux-x86_64-fedora-gcc | 0.0.1 | 16.00 | 81.60 | 97.60 | OK | |
| r-devel-windows-x86_64 | 0.0.1 | 11.00 | 67.00 | 78.00 | OK | |
| r-patched-linux-x86_64 | 0.0.1 | 6.17 | 54.88 | 61.05 | OK | |
| r-release-linux-x86_64 | 0.0.1 | 6.04 | 56.30 | 62.34 | OK | |
| r-release-macos-arm64 | 0.0.1 | 2.00 | 24.00 | 26.00 | OK | |
| r-release-macos-x86_64 | 0.0.1 | 5.00 | 53.00 | 58.00 | OK | |
| r-release-windows-x86_64 | 0.0.1 | 9.00 | 66.00 | 75.00 | OK | |
| r-oldrel-macos-arm64 | 0.0.1 | 2.00 | 23.00 | 25.00 | NOTE | |
| r-oldrel-macos-x86_64 | 0.0.1 | 4.00 | 40.00 | 44.00 | NOTE | |
| r-oldrel-windows-x86_64 | 0.0.1 | 11.00 | 81.00 | 92.00 | NOTE |
Version: 0.0.1
Check: LazyData
Result: NOTE
'LazyData' is specified without a 'data' directory
Flavors: r-oldrel-macos-arm64, r-oldrel-macos-x86_64, r-oldrel-windows-x86_64