CRAN Package Check Results for Package Barnard

Last updated on 2025-04-29 13:51:16 CEST.

Flavor Version Tinstall Tcheck Ttotal Status Flags
r-devel-linux-x86_64-debian-clang 1.8 2.21 17.33 19.54 NOTE
r-devel-linux-x86_64-debian-gcc 1.8 1.82 14.39 16.21 NOTE
r-devel-linux-x86_64-fedora-clang 1.8 29.55 NOTE
r-devel-linux-x86_64-fedora-gcc 1.8 30.72 NOTE
r-devel-windows-x86_64 1.8 5.00 37.00 42.00 OK
r-patched-linux-x86_64 1.8 2.21 16.61 18.82 OK
r-release-linux-x86_64 1.8 2.24 16.83 19.07 OK
r-release-macos-arm64 1.8 16.00 OK
r-release-macos-x86_64 1.8 24.00 OK
r-release-windows-x86_64 1.8 5.00 38.00 43.00 OK
r-oldrel-macos-arm64 1.8 21.00 OK
r-oldrel-macos-x86_64 1.8 21.00 OK
r-oldrel-windows-x86_64 1.8 6.00 37.00 43.00 OK

Check Details

Version: 1.8
Check: CRAN incoming feasibility
Result: NOTE Maintainer: ‘Kamil Erguler <k.erguler@cyi.ac.cy>’ No Authors@R field in DESCRIPTION. Please add one, modifying Authors@R: person(given = "Kamil", family = "Erguler", role = c("aut", "cre"), email = "k.erguler@cyi.ac.cy") as necessary. Flavors: r-devel-linux-x86_64-debian-clang, r-devel-linux-x86_64-debian-gcc

Version: 1.8
Check: compiled code
Result: NOTE File ‘Barnard/libs/Barnard.so’: Found no calls to: ‘R_registerRoutines’, ‘R_useDynamicSymbols’ It is good practice to register native routines and to disable symbol search. See ‘Writing portable packages’ in the ‘Writing R Extensions’ manual. Flavors: r-devel-linux-x86_64-fedora-clang, r-devel-linux-x86_64-fedora-gcc