Last updated on 2025-04-29 13:51:17 CEST.
Flavor | Version | Tinstall | Tcheck | Ttotal | Status | Flags |
---|---|---|---|---|---|---|
r-devel-linux-x86_64-debian-clang | 1.4.1 | 4.67 | 31.35 | 36.02 | NOTE | |
r-devel-linux-x86_64-debian-gcc | 1.4.1 | 3.64 | 22.55 | 26.19 | NOTE | |
r-devel-linux-x86_64-fedora-clang | 1.4.1 | 59.12 | NOTE | |||
r-devel-linux-x86_64-fedora-gcc | 1.4.1 | 59.94 | NOTE | |||
r-devel-windows-x86_64 | 1.4.1 | 6.00 | 48.00 | 54.00 | NOTE | |
r-patched-linux-x86_64 | 1.4.1 | 5.47 | 29.44 | 34.91 | NOTE | |
r-release-linux-x86_64 | 1.4.1 | 5.57 | 29.45 | 35.02 | NOTE | |
r-release-macos-arm64 | 1.4.1 | 21.00 | NOTE | |||
r-release-macos-x86_64 | 1.4.1 | 34.00 | NOTE | |||
r-release-windows-x86_64 | 1.4.1 | 7.00 | 51.00 | 58.00 | NOTE | |
r-oldrel-macos-arm64 | 1.4.1 | 22.00 | NOTE | |||
r-oldrel-macos-x86_64 | 1.4.1 | 28.00 | NOTE | |||
r-oldrel-windows-x86_64 | 1.4.1 | 8.00 | 57.00 | 65.00 | NOTE |
Version: 1.4.1
Check: CRAN incoming feasibility
Result: NOTE
Maintainer: ‘Panagiotis Papastamoulis <papapast@yahoo.gr>’
No Authors@R field in DESCRIPTION.
Please add one, modifying
Authors@R: person(given = "Panagiotis",
family = "Papastamoulis",
role = c("aut", "cre"),
email = "papapast@yahoo.gr")
as necessary.
Flavors: r-devel-linux-x86_64-debian-clang, r-devel-linux-x86_64-debian-gcc
Version: 1.4.1
Check: Rd files
Result: NOTE
checkRd: (-1) coupledMetropolis.Rd:83-85: Lost braces in \itemize; meant \describe ?
checkRd: (-1) coupledMetropolis.Rd:86-88: Lost braces in \itemize; meant \describe ?
checkRd: (-1) coupledMetropolis.Rd:89-91: Lost braces in \itemize; meant \describe ?
checkRd: (-1) coupledMetropolis.Rd:92-94: Lost braces in \itemize; meant \describe ?
checkRd: (-1) coupledMetropolis.Rd:95-97: Lost braces in \itemize; meant \describe ?
checkRd: (-1) coupledMetropolis.Rd:98-100: Lost braces in \itemize; meant \describe ?
checkRd: (-1) coupledMetropolis.Rd:101-103: Lost braces in \itemize; meant \describe ?
checkRd: (-1) coupledMetropolis.Rd:104-106: Lost braces in \itemize; meant \describe ?
checkRd: (-1) coupledMetropolis.Rd:107-109: Lost braces in \itemize; meant \describe ?
checkRd: (-1) coupledMetropolis.Rd:110-112: Lost braces in \itemize; meant \describe ?
checkRd: (-1) coupledMetropolis.Rd:113-115: Lost braces in \itemize; meant \describe ?
checkRd: (-1) coupledMetropolis.Rd:116-118: Lost braces in \itemize; meant \describe ?
checkRd: (-1) coupledMetropolis.Rd:119-121: Lost braces in \itemize; meant \describe ?
checkRd: (-1) coupledMetropolis.Rd:122-124: Lost braces in \itemize; meant \describe ?
checkRd: (-1) coupledMetropolis.Rd:125-127: Lost braces in \itemize; meant \describe ?
Flavors: r-devel-linux-x86_64-debian-clang, r-devel-linux-x86_64-debian-gcc, r-devel-linux-x86_64-fedora-clang, r-devel-linux-x86_64-fedora-gcc, r-devel-windows-x86_64, r-patched-linux-x86_64, r-release-linux-x86_64, r-release-macos-arm64, r-release-macos-x86_64, r-release-windows-x86_64, r-oldrel-macos-arm64, r-oldrel-macos-x86_64, r-oldrel-windows-x86_64