Last updated on 2025-11-16 00:48:25 CET.
| Flavor | Version | Tinstall | Tcheck | Ttotal | Status | Flags |
|---|---|---|---|---|---|---|
| r-devel-linux-x86_64-debian-clang | 0.0.3 | 860.41 | 196.40 | 1056.81 | OK | |
| r-devel-linux-x86_64-debian-gcc | 0.0.3 | 767.24 | 205.06 | 972.30 | OK | |
| r-devel-linux-x86_64-fedora-clang | 0.0.3 | 2160.00 | -511.48 | 1648.52 | NOTE | |
| r-devel-linux-x86_64-fedora-gcc | 0.0.3 | 2640.00 | -347.46 | 2292.54 | NOTE | |
| r-devel-windows-x86_64 | 0.0.3 | 1103.00 | 283.00 | 1386.00 | OK | |
| r-patched-linux-x86_64 | 0.0.3 | 1029.95 | 283.49 | 1313.44 | OK | |
| r-release-linux-x86_64 | 0.0.3 | 1018.18 | 279.49 | 1297.67 | OK | |
| r-release-macos-arm64 | 0.0.3 | 375.00 | 90.00 | 465.00 | OK | |
| r-release-macos-x86_64 | 0.0.3 | 409.00 | 204.00 | 613.00 | OK | |
| r-release-windows-x86_64 | 0.0.3 | 938.00 | 281.00 | 1219.00 | OK | |
| r-oldrel-macos-arm64 | 0.0.3 | 181.00 | 63.00 | 244.00 | NOTE | |
| r-oldrel-macos-x86_64 | 0.0.3 | 126.00 | 98.00 | 224.00 | NOTE | |
| r-oldrel-windows-x86_64 | 0.0.3 | 1086.00 | 365.00 | 1451.00 | NOTE |
Version: 0.0.3
Check: dependencies in R code
Result: NOTE
Namespaces in Imports field not imported from:
‘RcppParallel’ ‘rstantools’
All declared Imports should be used.
Flavors: r-devel-linux-x86_64-fedora-clang, r-devel-linux-x86_64-fedora-gcc
Version: 0.0.3
Check: installed package size
Result: NOTE
installed size is 123.0Mb
sub-directories of 1Mb or more:
libs 122.5Mb
Flavors: r-oldrel-macos-arm64, r-oldrel-macos-x86_64, r-oldrel-windows-x86_64
Version: 0.0.3
Check: for GNU extensions in Makefiles
Result: NOTE
GNU make is a SystemRequirements.
Flavors: r-oldrel-macos-arm64, r-oldrel-macos-x86_64, r-oldrel-windows-x86_64