Last updated on 2025-04-29 13:51:17 CEST.
Flavor | Version | Tinstall | Tcheck | Ttotal | Status | Flags |
---|---|---|---|---|---|---|
r-devel-linux-x86_64-debian-clang | 0.2.4 | 12.25 | 135.68 | 147.93 | NOTE | |
r-devel-linux-x86_64-debian-gcc | 0.2.4 | 6.81 | 84.50 | 91.31 | NOTE | |
r-devel-linux-x86_64-fedora-clang | 0.2.4 | 229.93 | OK | |||
r-devel-linux-x86_64-fedora-gcc | 0.2.4 | 241.62 | OK | |||
r-devel-windows-x86_64 | 0.2.4 | 15.00 | 142.00 | 157.00 | OK | |
r-patched-linux-x86_64 | 0.2.4 | 10.59 | 124.27 | 134.86 | OK | |
r-release-linux-x86_64 | 0.2.4 | 13.93 | 125.49 | 139.42 | OK | |
r-release-macos-arm64 | 0.2.4 | 59.00 | OK | |||
r-release-macos-x86_64 | 0.2.4 | 193.00 | OK | |||
r-release-windows-x86_64 | 0.2.4 | 16.00 | 141.00 | 157.00 | OK | |
r-oldrel-macos-arm64 | 0.2.4 | 53.00 | OK | |||
r-oldrel-macos-x86_64 | 0.2.4 | 119.00 | OK | |||
r-oldrel-windows-x86_64 | 0.2.4 | 19.00 | 182.00 | 201.00 | OK |
Version: 0.2.4
Check: CRAN incoming feasibility
Result: NOTE
Maintainer: ‘Luiz Fernando Figueiredo <labmapackage@gmail.com>’
No Authors@R field in DESCRIPTION.
Please add one, modifying
Authors@R: c(person(given = c("Laboratorio", "de", "Matematica"),
family = "Aplicada",
role = "aut",
comment = "IM/UFRJ"),
person(given = c("Luiz", "Fernando"),
family = "Figueiredo",
role = "cre",
email = "labmapackage@gmail.com"))
as necessary.
Flavors: r-devel-linux-x86_64-debian-clang, r-devel-linux-x86_64-debian-gcc
Version: 0.2.4
Check: examples
Result: NOTE
Examples with CPU (user + system) or elapsed time > 5s
user system elapsed
plot.HP 4.157 0.007 5.66
Flavor: r-devel-linux-x86_64-debian-clang