Last updated on 2025-11-16 12:49:24 CET.
| Flavor | Version | Tinstall | Tcheck | Ttotal | Status | Flags |
|---|---|---|---|---|---|---|
| r-devel-linux-x86_64-debian-clang | 0.7.4 | 14.89 | 152.89 | 167.78 | OK | |
| r-devel-linux-x86_64-debian-gcc | 0.7.4 | 10.85 | 103.75 | 114.60 | OK | |
| r-devel-linux-x86_64-fedora-clang | 0.7.4 | 35.00 | 227.55 | 262.55 | OK | |
| r-devel-linux-x86_64-fedora-gcc | 0.7.4 | 51.00 | 199.85 | 250.85 | OK | |
| r-devel-windows-x86_64 | 0.7.4 | 17.00 | 138.00 | 155.00 | OK | |
| r-patched-linux-x86_64 | 0.7.4 | 13.36 | 140.50 | 153.86 | OK | |
| r-release-linux-x86_64 | 0.7.4 | 14.03 | 140.66 | 154.69 | OK | |
| r-release-macos-arm64 | 0.7.4 | 6.00 | 56.00 | 62.00 | OK | |
| r-release-macos-x86_64 | 0.7.4 | 23.00 | 178.00 | 201.00 | OK | |
| r-release-windows-x86_64 | 0.7.4 | 16.00 | 140.00 | 156.00 | OK | |
| r-oldrel-macos-arm64 | 0.7.4 | 6.00 | 59.00 | 65.00 | NOTE | |
| r-oldrel-macos-x86_64 | 0.7.4 | 25.00 | 214.00 | 239.00 | NOTE | |
| r-oldrel-windows-x86_64 | 0.7.4 | 23.00 | 189.00 | 212.00 | NOTE |
Version: 0.7.4
Check: installed package size
Result: NOTE
installed size is 6.2Mb
sub-directories of 1Mb or more:
help 6.0Mb
Flavors: r-oldrel-macos-arm64, r-oldrel-macos-x86_64, r-oldrel-windows-x86_64