Last updated on 2025-10-24 11:50:41 CEST.
| Flavor | Version | Tinstall | Tcheck | Ttotal | Status | Flags |
|---|---|---|---|---|---|---|
| r-devel-linux-x86_64-debian-clang | 1.1.6 | 180.75 | 146.44 | 327.19 | OK | |
| r-devel-linux-x86_64-debian-gcc | 1.1.6 | 155.66 | 114.62 | 270.28 | OK | |
| r-devel-linux-x86_64-fedora-clang | 1.1.6 | 337.00 | 151.94 | 488.94 | OK | |
| r-devel-linux-x86_64-fedora-gcc | 1.1.6 | 485.00 | 129.95 | 614.95 | OK | |
| r-devel-windows-x86_64 | 1.1.6 | 185.00 | 171.00 | 356.00 | OK | |
| r-patched-linux-x86_64 | 1.1.6 | 199.63 | 154.54 | 354.17 | OK | |
| r-release-linux-x86_64 | 1.1.6 | 198.44 | 154.74 | 353.18 | OK | |
| r-release-macos-arm64 | 1.1.6 | 72.00 | 57.00 | 129.00 | OK | |
| r-release-macos-x86_64 | 1.1.6 | 160.00 | 105.00 | 265.00 | OK | |
| r-release-windows-x86_64 | 1.1.6 | 183.00 | 173.00 | 356.00 | OK | |
| r-oldrel-macos-arm64 | 1.1.6 | 71.00 | 60.00 | 131.00 | NOTE | |
| r-oldrel-macos-x86_64 | 1.1.6 | 166.00 | 113.00 | 279.00 | NOTE | |
| r-oldrel-windows-x86_64 | 1.1.6 | 212.00 | 222.00 | 434.00 | OK |
Version: 1.1.6
Check: installed package size
Result: NOTE
installed size is 62.9Mb
sub-directories of 1Mb or more:
libs 62.3Mb
Flavors: r-oldrel-macos-arm64, r-oldrel-macos-x86_64
Version: 1.1.6
Check: for GNU extensions in Makefiles
Result: NOTE
GNU make is a SystemRequirements.
Flavors: r-oldrel-macos-arm64, r-oldrel-macos-x86_64