CRAN Package Check Results for Package BeyondBenford

Last updated on 2025-04-29 13:51:17 CEST.

Flavor Version Tinstall Tcheck Ttotal Status Flags
r-devel-linux-x86_64-debian-clang 1.4 5.63 52.77 58.40 NOTE
r-devel-linux-x86_64-debian-gcc 1.4 4.01 36.26 40.27 NOTE
r-devel-linux-x86_64-fedora-clang 1.4 84.40 OK
r-devel-linux-x86_64-fedora-gcc 1.4 84.30 OK
r-devel-windows-x86_64 1.4 7.00 64.00 71.00 OK
r-patched-linux-x86_64 1.4 5.89 48.94 54.83 OK
r-release-linux-x86_64 1.4 5.92 49.10 55.02 OK
r-release-macos-arm64 1.4 31.00 OK
r-release-macos-x86_64 1.4 51.00 OK
r-release-windows-x86_64 1.4 7.00 65.00 72.00 OK
r-oldrel-macos-arm64 1.4 29.00 OK
r-oldrel-macos-x86_64 1.4 52.00 OK
r-oldrel-windows-x86_64 1.4 10.00 78.00 88.00 OK

Check Details

Version: 1.4
Check: CRAN incoming feasibility
Result: NOTE Maintainer: ‘Blondeau Da Silva Stephane <Stephane.Blondeau-Da-Silva@ac-limoges.fr>’ No Authors@R field in DESCRIPTION. Please add one, modifying Authors@R: person(given = c("Blondeau", "Da", "Silva"), family = "Stephane", role = c("aut", "cre"), email = "stephane.blondeau-da-silva@ac-limoges.fr") as necessary. Flavors: r-devel-linux-x86_64-debian-clang, r-devel-linux-x86_64-debian-gcc