CRAN Package Check Results for Package BiBitR

Last updated on 2025-11-16 06:49:31 CET.

Flavor Version Tinstall Tcheck Ttotal Status Flags
r-devel-linux-x86_64-debian-clang 0.3.1 12.45 92.49 104.94 NOTE
r-devel-linux-x86_64-debian-gcc 0.3.1 6.94 63.87 70.81 NOTE
r-devel-linux-x86_64-fedora-clang 0.3.1 32.00 126.45 158.45 OK
r-devel-linux-x86_64-fedora-gcc 0.3.1 27.00 122.12 149.12 OK
r-devel-windows-x86_64 0.3.1 27.00 89.00 116.00 OK
r-patched-linux-x86_64 0.3.1 12.27 83.66 95.93 OK
r-release-linux-x86_64 0.3.1 12.42 84.03 96.45 OK
r-release-macos-arm64 0.3.1 5.00 35.00 40.00 OK
r-release-macos-x86_64 0.3.1 10.00 58.00 68.00 OK
r-release-windows-x86_64 0.3.1 14.00 89.00 103.00 OK
r-oldrel-macos-arm64 0.3.1 5.00 30.00 35.00 OK
r-oldrel-macos-x86_64 0.3.1 7.00 44.00 51.00 OK
r-oldrel-windows-x86_64 0.3.1 19.00 112.00 131.00 OK

Check Details

Version: 0.3.1
Check: CRAN incoming feasibility
Result: NOTE Maintainer: ‘De Troyer Ewoud <ewoud.detroyer@uhasselt.be>’ No Authors@R field in DESCRIPTION. Please add one, modifying Authors@R: person(given = c("De", "Troyer"), family = "Ewoud", role = c("aut", "cre"), email = "ewoud.detroyer@uhasselt.be") as necessary. Flavors: r-devel-linux-x86_64-debian-clang, r-devel-linux-x86_64-debian-gcc