Last updated on 2025-11-16 18:49:24 CET.
| Flavor | Version | Tinstall | Tcheck | Ttotal | Status | Flags |
|---|---|---|---|---|---|---|
| r-devel-linux-x86_64-debian-clang | 2.1.4 | 30.17 | 153.25 | 183.42 | NOTE | |
| r-devel-linux-x86_64-debian-gcc | 2.1.4 | 20.47 | 103.30 | 123.77 | NOTE | |
| r-devel-linux-x86_64-fedora-clang | 2.1.4 | 148.00 | 178.93 | 326.93 | NOTE | |
| r-devel-linux-x86_64-fedora-gcc | 2.1.4 | 130.00 | 172.68 | 302.68 | NOTE | |
| r-devel-windows-x86_64 | 2.1.4 | 41.00 | 158.00 | 199.00 | OK | |
| r-patched-linux-x86_64 | 2.1.4 | 29.14 | 147.90 | 177.04 | OK | |
| r-release-linux-x86_64 | 2.1.4 | 29.20 | 147.06 | 176.26 | OK | |
| r-release-macos-arm64 | 2.1.4 | 19.00 | 58.00 | 77.00 | OK | |
| r-release-macos-x86_64 | 2.1.4 | 28.00 | 124.00 | 152.00 | OK | |
| r-release-windows-x86_64 | 2.1.4 | 35.00 | 157.00 | 192.00 | OK | |
| r-oldrel-macos-arm64 | 2.1.4 | 13.00 | 53.00 | 66.00 | OK | |
| r-oldrel-macos-x86_64 | 2.1.4 | 21.00 | 87.00 | 108.00 | OK | |
| r-oldrel-windows-x86_64 | 2.1.4 | 48.00 | 197.00 | 245.00 | OK |
Version: 2.1.4
Check: CRAN incoming feasibility
Result: NOTE
Maintainer: ‘Polina Suter <polina.suter@gmail.com>’
No Authors@R field in DESCRIPTION.
Please add one, modifying
Authors@R: c(person(given = "Polina",
family = "Suter",
role = c("aut", "cre"),
email = "polina.suter@gmail.com"),
person(given = "Jack",
family = "Kuipers",
role = "aut"))
as necessary.
Flavors: r-devel-linux-x86_64-debian-clang, r-devel-linux-x86_64-debian-gcc
Version: 2.1.4
Check: dependencies in R code
Result: NOTE
Namespace in Imports field not imported from: ‘RBGL’
All declared Imports should be used.
Flavors: r-devel-linux-x86_64-fedora-clang, r-devel-linux-x86_64-fedora-gcc