Last updated on 2025-04-29 13:51:17 CEST.
Flavor | Version | Tinstall | Tcheck | Ttotal | Status | Flags |
---|---|---|---|---|---|---|
r-devel-linux-x86_64-debian-clang | 0.1 | 1.78 | 34.96 | 36.74 | NOTE | |
r-devel-linux-x86_64-debian-gcc | 0.1 | 1.63 | 23.06 | 24.69 | NOTE | |
r-devel-linux-x86_64-fedora-clang | 0.1 | 59.96 | OK | |||
r-devel-linux-x86_64-fedora-gcc | 0.1 | 61.97 | OK | |||
r-devel-windows-x86_64 | 0.1 | 3.00 | 56.00 | 59.00 | OK | |
r-patched-linux-x86_64 | 0.1 | 2.07 | 33.05 | 35.12 | OK | |
r-release-linux-x86_64 | 0.1 | 1.74 | 32.55 | 34.29 | OK | |
r-release-macos-arm64 | 0.1 | 20.00 | OK | |||
r-release-macos-x86_64 | 0.1 | 60.00 | OK | |||
r-release-windows-x86_64 | 0.1 | 4.00 | 63.00 | 67.00 | OK | |
r-oldrel-macos-arm64 | 0.1 | 26.00 | NOTE | |||
r-oldrel-macos-x86_64 | 0.1 | 31.00 | NOTE | |||
r-oldrel-windows-x86_64 | 0.1 | 3.00 | 56.00 | 59.00 | NOTE |
Version: 0.1
Check: examples
Result: NOTE
Examples with CPU (user + system) or elapsed time > 5s
user system elapsed
BinomialEMVS 13.269 0.626 20.986
Flavor: r-devel-linux-x86_64-debian-clang
Version: 0.1
Check: examples
Result: NOTE
Examples with CPU (user + system) or elapsed time > 5s
user system elapsed
BinomialEMVS 6.498 0.509 7.742
Flavor: r-devel-linux-x86_64-debian-gcc
Version: 0.1
Check: LazyData
Result: NOTE
'LazyData' is specified without a 'data' directory
Flavors: r-oldrel-macos-arm64, r-oldrel-macos-x86_64, r-oldrel-windows-x86_64