CRAN Package Check Results for Package BinaryEMVS

Last updated on 2025-07-18 01:49:09 CEST.

Flavor Version Tinstall Tcheck Ttotal Status Flags
r-devel-linux-x86_64-debian-clang 0.1 1.88 35.20 37.08 OK
r-devel-linux-x86_64-debian-gcc 0.1 1.56 24.84 26.40 OK
r-devel-linux-x86_64-fedora-clang 0.1 60.86 OK
r-devel-linux-x86_64-fedora-gcc 0.1 58.50 OK
r-devel-windows-x86_64 0.1 5.00 57.00 62.00 OK
r-patched-linux-x86_64 0.1 1.72 32.41 34.13 OK
r-release-linux-x86_64 0.1 1.78 33.45 35.23 OK
r-release-macos-arm64 0.1 20.00 OK
r-release-macos-x86_64 0.1 60.00 OK
r-release-windows-x86_64 0.1 4.00 63.00 67.00 OK
r-oldrel-macos-arm64 0.1 26.00 NOTE
r-oldrel-macos-x86_64 0.1 31.00 NOTE
r-oldrel-windows-x86_64 0.1 3.00 56.00 59.00 NOTE

Check Details

Version: 0.1
Check: LazyData
Result: NOTE 'LazyData' is specified without a 'data' directory Flavors: r-oldrel-macos-arm64, r-oldrel-macos-x86_64, r-oldrel-windows-x86_64