CRAN Package Check Results for Package BioRssay

Last updated on 2025-11-16 06:49:31 CET.

Flavor Version Tinstall Tcheck Ttotal Status Flags
r-devel-linux-x86_64-debian-clang 1.1.0 2.90 33.57 36.47 NOTE
r-devel-linux-x86_64-debian-gcc 1.1.0 2.10 27.04 29.14 NOTE
r-devel-linux-x86_64-fedora-clang 1.1.0 56.12 OK
r-devel-linux-x86_64-fedora-gcc 1.1.0 67.89 OK
r-devel-windows-x86_64 1.1.0 7.00 70.00 77.00 OK
r-patched-linux-x86_64 1.1.0 2.90 32.16 35.06 OK
r-release-linux-x86_64 1.1.0 2.41 32.17 34.58 OK
r-release-macos-arm64 1.1.0 2.00 31.00 33.00 OK
r-release-macos-x86_64 1.1.0 6.00 82.00 88.00 OK
r-release-windows-x86_64 1.1.0 6.00 49.00 55.00 OK
r-oldrel-macos-arm64 1.1.0 1.00 28.00 29.00 OK
r-oldrel-macos-x86_64 1.1.0 3.00 38.00 41.00 OK
r-oldrel-windows-x86_64 1.1.0 4.00 57.00 61.00 OK

Check Details

Version: 1.1.0
Check: CRAN incoming feasibility
Result: NOTE Maintainer: ‘Piyal Karunarathne <piyalkarumail@yahoo.com>’ Package CITATION file contains call(s) to old-style citEntry(). Please use bibentry() instead. Flavor: r-devel-linux-x86_64-debian-clang

Version: 1.1.0
Check: CRAN incoming feasibility
Result: NOTE Maintainer: ‘Piyal Karunarathne <piyalkarumail@yahoo.com>’ Package CITATION file contains call(s) to old-style citEntry(). Please use bibentry() instead. The BugReports field in DESCRIPTION has https://github.com/milesilab/BioRssay/issues/ which should likely be https://github.com/milesilab/BioRssay/issues/issues instead. Flavor: r-devel-linux-x86_64-debian-gcc