CRAN Package Check Results for Package BioStatR

Last updated on 2025-11-16 18:49:25 CET.

Flavor Version Tinstall Tcheck Ttotal Status Flags
r-devel-linux-x86_64-debian-clang 4.1.1 5.54 61.29 66.83 OK
r-devel-linux-x86_64-debian-gcc 4.1.1 4.11 46.60 50.71 NOTE
r-devel-linux-x86_64-fedora-clang 4.1.1 21.00 85.81 106.81 OK
r-devel-linux-x86_64-fedora-gcc 4.1.1 11.00 87.51 98.51 OK
r-devel-windows-x86_64 4.1.1 8.00 71.00 79.00 OK
r-patched-linux-x86_64 4.1.1 4.74 58.15 62.89 OK
r-release-linux-x86_64 4.1.1 5.56 58.97 64.53 OK
r-release-macos-arm64 4.1.1 3.00 30.00 33.00 OK
r-release-macos-x86_64 4.1.1 5.00 52.00 57.00 OK
r-release-windows-x86_64 4.1.1 8.00 72.00 80.00 OK
r-oldrel-macos-arm64 4.1.1 3.00 36.00 39.00 OK
r-oldrel-macos-x86_64 4.1.1 5.00 71.00 76.00 OK
r-oldrel-windows-x86_64 4.1.1 10.00 89.00 99.00 OK

Check Details

Version: 4.1.1
Check: CRAN incoming feasibility
Result: NOTE Maintainer: ‘Frederic Bertrand <frederic.bertrand@lecnam.net>’ The BugReports field in DESCRIPTION has https://github.com/fbertran/BioStatR/issues/ which should likely be https://github.com/fbertran/BioStatR/issues/issues instead. Flavor: r-devel-linux-x86_64-debian-gcc