Last updated on 2025-04-29 13:51:17 CEST.
Flavor | Version | Tinstall | Tcheck | Ttotal | Status | Flags |
---|---|---|---|---|---|---|
r-devel-linux-x86_64-debian-clang | 0.5 | 2.11 | 24.77 | 26.88 | NOTE | |
r-devel-linux-x86_64-debian-gcc | 0.5 | 1.71 | 19.55 | 21.26 | NOTE | |
r-devel-linux-x86_64-fedora-clang | 0.5 | 40.55 | OK | |||
r-devel-linux-x86_64-fedora-gcc | 0.5 | 41.35 | OK | |||
r-devel-windows-x86_64 | 0.5 | 4.00 | 48.00 | 52.00 | OK | |
r-patched-linux-x86_64 | 0.5 | 2.52 | 23.06 | 25.58 | OK | |
r-release-linux-x86_64 | 0.5 | 2.04 | 22.65 | 24.69 | OK | |
r-release-macos-arm64 | 0.5 | 17.00 | OK | |||
r-release-macos-x86_64 | 0.5 | 46.00 | OK | |||
r-release-windows-x86_64 | 0.5 | 5.00 | 49.00 | 54.00 | OK | |
r-oldrel-macos-arm64 | 0.5 | 20.00 | OK | |||
r-oldrel-macos-x86_64 | 0.5 | 25.00 | OK | |||
r-oldrel-windows-x86_64 | 0.5 | 3.00 | 47.00 | 50.00 | OK |
Version: 0.5
Check: CRAN incoming feasibility
Result: NOTE
Maintainer: ‘Federico Calboli <f.calboli@gmail.com>’
No Authors@R field in DESCRIPTION.
Please add one, modifying
Authors@R: c(person(given = "Alessio",
family = "Boattini",
role = "aut"),
person(given = c("Federico", "C.", "F.", "Calboli;", "Vincente", "Canto", "Cassola", "together", "with", "Martin", "Maechler", "authored", "the", "function"),
family = "mtx.exp.",
role = "aut"),
person(given = "Federico",
family = "Calboli",
role = "cre",
email = "f.calboli@gmail.com"))
as necessary.
Flavors: r-devel-linux-x86_64-debian-clang, r-devel-linux-x86_64-debian-gcc