Last updated on 2024-07-13 05:49:09 CEST.
Flavor | Version | Tinstall | Tcheck | Ttotal | Status | Flags |
---|---|---|---|---|---|---|
r-devel-linux-x86_64-debian-clang | 0.2.10 | 30.63 | 63.59 | 94.22 | NOTE | |
r-devel-linux-x86_64-debian-gcc | 0.2.10 | 23.46 | 47.33 | 70.79 | NOTE | |
r-devel-linux-x86_64-fedora-clang | 0.2.10 | 133.05 | NOTE | |||
r-devel-linux-x86_64-fedora-gcc | 0.2.10 | 138.42 | NOTE | |||
r-devel-windows-x86_64 | 0.2.10 | 30.00 | 85.00 | 115.00 | NOTE | |
r-patched-linux-x86_64 | 0.2.10 | 27.11 | 58.55 | 85.66 | NOTE | |
r-release-linux-x86_64 | 0.2.10 | 24.87 | 60.27 | 85.14 | NOTE | |
r-release-macos-arm64 | 0.2.10 | 43.00 | NOTE | |||
r-release-macos-x86_64 | 0.2.10 | 60.00 | NOTE | |||
r-release-windows-x86_64 | 0.2.10 | 30.00 | 88.00 | 118.00 | NOTE | |
r-oldrel-macos-arm64 | 0.2.10 | 45.00 | NOTE | |||
r-oldrel-macos-x86_64 | 0.2.10 | 66.00 | NOTE | |||
r-oldrel-windows-x86_64 | 0.2.10 | 36.00 | 96.00 | 132.00 | NOTE |
Version: 0.2.10
Check: LazyData
Result: NOTE
'LazyData' is specified without a 'data' directory
Flavors: r-devel-linux-x86_64-debian-clang, r-devel-linux-x86_64-debian-gcc, r-devel-linux-x86_64-fedora-clang, r-devel-linux-x86_64-fedora-gcc, r-devel-windows-x86_64, r-patched-linux-x86_64, r-release-linux-x86_64, r-release-macos-arm64, r-release-macos-x86_64, r-release-windows-x86_64, r-oldrel-macos-arm64, r-oldrel-macos-x86_64, r-oldrel-windows-x86_64