Last updated on 2024-07-13 05:49:09 CEST.
Flavor | Version | Tinstall | Tcheck | Ttotal | Status | Flags |
---|---|---|---|---|---|---|
r-devel-linux-x86_64-debian-clang | 0.2.2 | 2.13 | 26.98 | 29.11 | OK | |
r-devel-linux-x86_64-debian-gcc | 0.2.2 | 1.62 | 20.25 | 21.87 | OK | |
r-devel-linux-x86_64-fedora-clang | 0.2.2 | 36.15 | OK | |||
r-devel-linux-x86_64-fedora-gcc | 0.2.2 | 34.25 | OK | |||
r-devel-windows-x86_64 | 0.2.2 | 3.00 | 44.00 | 47.00 | OK | |
r-patched-linux-x86_64 | 0.2.2 | 2.60 | 24.83 | 27.43 | OK | |
r-release-linux-x86_64 | 0.2.2 | 1.54 | 24.86 | 26.40 | OK | |
r-release-macos-arm64 | 0.2.2 | 15.00 | OK | |||
r-release-macos-x86_64 | 0.2.2 | 22.00 | OK | |||
r-release-windows-x86_64 | 0.2.2 | 3.00 | 45.00 | 48.00 | OK | |
r-oldrel-macos-arm64 | 0.2.2 | 18.00 | NOTE | |||
r-oldrel-macos-x86_64 | 0.2.2 | 22.00 | NOTE | |||
r-oldrel-windows-x86_64 | 0.2.2 | 3.00 | 47.00 | 50.00 | OK |
Version: 0.2.2
Check: package dependencies
Result: NOTE
Package suggested but not available for checking: ‘IHW’
Flavors: r-oldrel-macos-arm64, r-oldrel-macos-x86_64