Last updated on 2025-04-29 13:51:18 CEST.
Flavor | Version | Tinstall | Tcheck | Ttotal | Status | Flags |
---|---|---|---|---|---|---|
r-devel-linux-x86_64-debian-clang | 1.0 | 5.41 | 60.04 | 65.45 | NOTE | |
r-devel-linux-x86_64-debian-gcc | 1.0 | 4.10 | 42.83 | 46.93 | NOTE | |
r-devel-linux-x86_64-fedora-clang | 1.0 | 106.16 | OK | |||
r-devel-linux-x86_64-fedora-gcc | 1.0 | 112.03 | OK | |||
r-devel-windows-x86_64 | 1.0 | 3.00 | 4.00 | 7.00 | ERROR | |
r-patched-linux-x86_64 | 1.0 | 4.73 | 57.49 | 62.22 | OK | |
r-release-linux-x86_64 | 1.0 | 5.09 | 56.52 | 61.61 | OK | |
r-release-macos-arm64 | 1.0 | 37.00 | OK | |||
r-release-macos-x86_64 | 1.0 | 105.00 | OK | |||
r-release-windows-x86_64 | 1.0 | 5.00 | 20.00 | 25.00 | ERROR | |
r-oldrel-macos-arm64 | 1.0 | 41.00 | OK | |||
r-oldrel-macos-x86_64 | 1.0 | 97.00 | OK | |||
r-oldrel-windows-x86_64 | 1.0 | 7.00 | 88.00 | 95.00 | OK |
Version: 1.0
Check: CRAN incoming feasibility
Result: NOTE
Maintainer: ‘Dongmei Li <dongmei_li@urmc.rochester.edu>’
No Authors@R field in DESCRIPTION.
Please add one, modifying
Authors@R: person(given = "Dongmei",
family = "Li",
role = c("aut", "cre"),
email = "dongmei_li@urmc.rochester.edu")
as necessary.
Found the following \keyword or \concept entries
which likely give several index terms:
File ‘BonEV-package.Rd’:
\keyword{multiple testing procedure, false discove [TRUNCATED]
Flavors: r-devel-linux-x86_64-debian-clang, r-devel-linux-x86_64-debian-gcc
Version: 1.0
Check: whether package can be installed
Result: ERROR
Installation failed.
Flavors: r-devel-windows-x86_64, r-release-windows-x86_64