Last updated on 2025-11-16 12:49:25 CET.
| Flavor | Version | Tinstall | Tcheck | Ttotal | Status | Flags |
|---|---|---|---|---|---|---|
| r-devel-linux-x86_64-debian-clang | 0.1.5 | 36.48 | 27.09 | 63.57 | NOTE | |
| r-devel-linux-x86_64-debian-gcc | 0.1.5 | 21.06 | 21.71 | 42.77 | NOTE | |
| r-devel-linux-x86_64-fedora-clang | 0.1.5 | 82.00 | 35.38 | 117.38 | OK | |
| r-devel-linux-x86_64-fedora-gcc | 0.1.5 | 59.00 | 38.33 | 97.33 | OK | |
| r-devel-windows-x86_64 | 0.1.5 | 44.00 | 62.00 | 106.00 | OK | |
| r-patched-linux-x86_64 | 0.1.5 | 30.72 | 25.65 | 56.37 | OK | |
| r-release-linux-x86_64 | 0.1.5 | 33.41 | 25.81 | 59.22 | OK | |
| r-release-macos-arm64 | 0.1.5 | 12.00 | 20.00 | 32.00 | OK | |
| r-release-macos-x86_64 | 0.1.5 | 15.00 | 36.00 | 51.00 | OK | |
| r-release-windows-x86_64 | 0.1.5 | 42.00 | 63.00 | 105.00 | OK | |
| r-oldrel-macos-arm64 | 0.1.5 | 9.00 | 21.00 | 30.00 | OK | |
| r-oldrel-macos-x86_64 | 0.1.5 | 18.00 | 38.00 | 56.00 | OK | |
| r-oldrel-windows-x86_64 | 0.1.5 | 50.00 | 72.00 | 122.00 | OK |
Version: 0.1.5
Check: CRAN incoming feasibility
Result: NOTE
Maintainer: ‘Raphaël Clifford <clifford@cs.bris.ac.uk>’
The Description field contains
(2017) <arXiv:1706.01260>. Also provides functions for generating
Please refer to arXiv e-prints via their arXiv DOI <doi:10.48550/arXiv.YYMM.NNNNN>.
Flavors: r-devel-linux-x86_64-debian-clang, r-devel-linux-x86_64-debian-gcc