Last updated on 2025-07-18 13:49:28 CEST.
Flavor | Version | Tinstall | Tcheck | Ttotal | Status | Flags |
---|---|---|---|---|---|---|
r-devel-linux-x86_64-debian-clang | 0.1.2.1 | 2.75 | 23.95 | 26.70 | NOTE | |
r-devel-linux-x86_64-debian-gcc | 0.1.2.1 | 1.82 | 19.73 | 21.55 | NOTE | |
r-devel-linux-x86_64-fedora-clang | 0.1.2.1 | 41.67 | OK | |||
r-devel-linux-x86_64-fedora-gcc | 0.1.2.1 | 39.43 | OK | |||
r-devel-windows-x86_64 | 0.1.2.1 | 3.00 | 42.00 | 45.00 | OK | |
r-patched-linux-x86_64 | 0.1.2.1 | 2.49 | 21.80 | 24.29 | OK | |
r-release-linux-x86_64 | 0.1.2.1 | 2.27 | 21.83 | 24.10 | OK | |
r-release-macos-arm64 | 0.1.2.1 | 17.00 | OK | |||
r-release-macos-x86_64 | 0.1.2.1 | 40.00 | OK | |||
r-release-windows-x86_64 | 0.1.2.1 | 3.00 | 42.00 | 45.00 | OK | |
r-oldrel-macos-arm64 | 0.1.2.1 | 22.00 | OK | |||
r-oldrel-macos-x86_64 | 0.1.2.1 | 34.00 | OK | |||
r-oldrel-windows-x86_64 | 0.1.2.1 | 5.00 | 49.00 | 54.00 | OK |
Version: 0.1.2.1
Check: CRAN incoming feasibility
Result: NOTE
Maintainer: ‘Alexis Derumigny <a.f.f.derumigny@tudelft.nl>’
The Description field contains
Girard, Guyonvarch (2021) <arXiv:2101.05780>.
Please refer to arXiv e-prints via their arXiv DOI <doi:10.48550/arXiv.YYMM.NNNNN>.
Flavors: r-devel-linux-x86_64-debian-clang, r-devel-linux-x86_64-debian-gcc