Last updated on 2025-04-29 13:51:18 CEST.
Flavor | Version | Tinstall | Tcheck | Ttotal | Status | Flags |
---|---|---|---|---|---|---|
r-devel-linux-x86_64-debian-clang | 0.9.7 | 5.12 | 22.72 | 27.84 | NOTE | |
r-devel-linux-x86_64-debian-gcc | 0.9.7 | 3.50 | 17.75 | 21.25 | NOTE | |
r-devel-linux-x86_64-fedora-clang | 0.9.7 | 42.81 | NOTE | |||
r-devel-linux-x86_64-fedora-gcc | 0.9.7 | 43.59 | NOTE | |||
r-devel-windows-x86_64 | 0.9.7 | 7.00 | 43.00 | 50.00 | OK | |
r-patched-linux-x86_64 | 0.9.7 | 4.58 | 21.57 | 26.15 | OK | |
r-release-linux-x86_64 | 0.9.7 | 4.65 | 21.65 | 26.30 | OK | |
r-release-macos-arm64 | 0.9.7 | 20.00 | OK | |||
r-release-macos-x86_64 | 0.9.7 | 41.00 | OK | |||
r-release-windows-x86_64 | 0.9.7 | 8.00 | 46.00 | 54.00 | OK | |
r-oldrel-macos-arm64 | 0.9.7 | 23.00 | OK | |||
r-oldrel-macos-x86_64 | 0.9.7 | 25.00 | OK | |||
r-oldrel-windows-x86_64 | 0.9.7 | 7.00 | 43.00 | 50.00 | OK |
Version: 0.9.7
Check: CRAN incoming feasibility
Result: NOTE
Maintainer: ‘Camilo Jose Torres-Jimenez <cjtorresj@unal.edu.co>’
No Authors@R field in DESCRIPTION.
Please add one, modifying
Authors@R: person(given = c("Camilo", "Jose"),
family = "Torres-Jimenez",
role = c("aut", "cre"),
email = "cjtorresj@unal.edu.co")
as necessary.
Flavors: r-devel-linux-x86_64-debian-clang, r-devel-linux-x86_64-debian-gcc
Version: 0.9.7
Check: compiled code
Result: NOTE
File ‘Branching/libs/Branching.so’:
Found no calls to: ‘R_registerRoutines’, ‘R_useDynamicSymbols’
It is good practice to register native routines and to disable symbol
search.
See ‘Writing portable packages’ in the ‘Writing R Extensions’ manual.
Flavors: r-devel-linux-x86_64-fedora-clang, r-devel-linux-x86_64-fedora-gcc