Last updated on 2025-11-16 12:49:25 CET.
| Flavor | Version | Tinstall | Tcheck | Ttotal | Status | Flags |
|---|---|---|---|---|---|---|
| r-devel-linux-x86_64-debian-clang | 1.2-9 | 12.79 | 93.31 | 106.10 | NOTE | |
| r-devel-linux-x86_64-debian-gcc | 1.2-9 | 10.09 | 70.49 | 80.58 | NOTE | |
| r-devel-linux-x86_64-fedora-clang | 1.2-9 | 47.00 | 118.07 | 165.07 | OK | |
| r-devel-linux-x86_64-fedora-gcc | 1.2-9 | 30.00 | 137.82 | 167.82 | OK | |
| r-devel-windows-x86_64 | 1.2-9 | 16.00 | 130.00 | 146.00 | OK | |
| r-patched-linux-x86_64 | 1.2-9 | 13.53 | 89.61 | 103.14 | OK | |
| r-release-linux-x86_64 | 1.2-9 | 13.58 | 89.70 | 103.28 | OK | |
| r-release-macos-arm64 | 1.2-9 | 7.00 | 62.00 | 69.00 | OK | |
| r-release-macos-x86_64 | 1.2-9 | 15.00 | 105.00 | 120.00 | OK | |
| r-release-windows-x86_64 | 1.2-9 | 14.00 | 130.00 | 144.00 | OK | |
| r-oldrel-macos-arm64 | 1.2-9 | 6.00 | 50.00 | 56.00 | OK | |
| r-oldrel-macos-x86_64 | 1.2-9 | 11.00 | 76.00 | 87.00 | OK | |
| r-oldrel-windows-x86_64 | 1.2-9 | 20.00 | 148.00 | 168.00 | OK |
Version: 1.2-9
Check: CRAN incoming feasibility
Result: NOTE
Maintainer: ‘Robin K. S. Hankin <hankin.robin@gmail.com>’
Package CITATION file contains call(s) to old-style citEntry(). Please
use bibentry() instead.
Flavors: r-devel-linux-x86_64-debian-clang, r-devel-linux-x86_64-debian-gcc