Last updated on 2025-04-29 13:51:18 CEST.
Flavor | Version | Tinstall | Tcheck | Ttotal | Status | Flags |
---|---|---|---|---|---|---|
r-devel-linux-x86_64-debian-clang | 1.0.17 | 6.40 | 57.87 | 64.27 | NOTE | |
r-devel-linux-x86_64-debian-gcc | 1.0.17 | 4.78 | 38.60 | 43.38 | NOTE | |
r-devel-linux-x86_64-fedora-clang | 1.0.17 | 91.31 | OK | |||
r-devel-linux-x86_64-fedora-gcc | 1.0.17 | 91.64 | OK | |||
r-devel-windows-x86_64 | 1.0.17 | 7.00 | 68.00 | 75.00 | OK | |
r-patched-linux-x86_64 | 1.0.17 | 6.55 | 53.43 | 59.98 | OK | |
r-release-linux-x86_64 | 1.0.17 | 5.03 | 53.03 | 58.06 | OK | |
r-release-macos-arm64 | 1.0.17 | 30.00 | OK | |||
r-release-macos-x86_64 | 1.0.17 | 50.00 | OK | |||
r-release-windows-x86_64 | 1.0.17 | 8.00 | 67.00 | 75.00 | OK | |
r-oldrel-macos-arm64 | 1.0.17 | 30.00 | OK | |||
r-oldrel-macos-x86_64 | 1.0.17 | 41.00 | OK | |||
r-oldrel-windows-x86_64 | 1.0.17 | 10.00 | 80.00 | 90.00 | OK |
Version: 1.0.17
Check: CRAN incoming feasibility
Result: NOTE
Maintainer: ‘John Ford <JoRuFo@gmail.com>’
No Authors@R field in DESCRIPTION.
Please add one, modifying
Authors@R: c(person(given = "Stephanie",
family = "Lane",
role = c("aut", "cre")),
person(given = "John",
family = "Ford",
role = c("aut", "cre"),
email = "jorufo@gmail.com"),
person(given = "Clark",
family = "Jeffries",
role = "aut"),
person(given = "Diana",
family = "Perkins",
role = "aut"))
as necessary.
Flavors: r-devel-linux-x86_64-debian-clang, r-devel-linux-x86_64-debian-gcc