Last updated on 2025-04-29 13:51:18 CEST.
Flavor | Version | Tinstall | Tcheck | Ttotal | Status | Flags |
---|---|---|---|---|---|---|
r-devel-linux-x86_64-debian-clang | 1.0 | 1.83 | 20.68 | 22.51 | NOTE | |
r-devel-linux-x86_64-debian-gcc | 1.0 | 1.55 | 15.97 | 17.52 | NOTE | |
r-devel-linux-x86_64-fedora-clang | 1.0 | 35.61 | OK | |||
r-devel-linux-x86_64-fedora-gcc | 1.0 | 36.40 | OK | |||
r-devel-windows-x86_64 | 1.0 | 3.00 | 37.00 | 40.00 | OK | |
r-patched-linux-x86_64 | 1.0 | 2.05 | 19.59 | 21.64 | OK | |
r-release-linux-x86_64 | 1.0 | 1.93 | 19.22 | 21.15 | OK | |
r-release-macos-arm64 | 1.0 | 15.00 | OK | |||
r-release-macos-x86_64 | 1.0 | 27.00 | OK | |||
r-release-windows-x86_64 | 1.0 | 3.00 | 37.00 | 40.00 | OK | |
r-oldrel-macos-arm64 | 1.0 | 25.00 | OK | |||
r-oldrel-macos-x86_64 | 1.0 | 30.00 | OK | |||
r-oldrel-windows-x86_64 | 1.0 | 3.00 | 36.00 | 39.00 | OK |
Version: 1.0
Check: CRAN incoming feasibility
Result: NOTE
Maintainer: ‘Shouri Hu <e0054325@u.nus.edu>’
No Authors@R field in DESCRIPTION.
Please add one, modifying
Authors@R: c(person(given = c("Hock", "Peng"),
family = "Chan",
role = "aut"),
person(given = "Shouri",
family = "Hu",
role = c("aut", "cre"),
email = "e0054325@u.nus.edu"))
as necessary.
The Description field contains
and Shouri Hu (2018) <arXiv:1805.11793>.
Please refer to arXiv e-prints via their arXiv DOI <doi:10.48550/arXiv.YYMM.NNNNN>.
Flavors: r-devel-linux-x86_64-debian-clang, r-devel-linux-x86_64-debian-gcc