CRAN Package Check Results for Package CCM

Last updated on 2025-04-29 13:51:18 CEST.

Flavor Version Tinstall Tcheck Ttotal Status Flags
r-devel-linux-x86_64-debian-clang 1.2 1.66 19.86 21.52 NOTE
r-devel-linux-x86_64-debian-gcc 1.2 1.41 16.45 17.86 NOTE
r-devel-linux-x86_64-fedora-clang 1.2 33.55 OK
r-devel-linux-x86_64-fedora-gcc 1.2 33.71 OK
r-devel-windows-x86_64 1.2 3.00 42.00 45.00 OK
r-patched-linux-x86_64 1.2 1.90 18.99 20.89 OK
r-release-linux-x86_64 1.2 1.66 18.95 20.61 OK
r-release-macos-arm64 1.2 17.00 OK
r-release-macos-x86_64 1.2 25.00 OK
r-release-windows-x86_64 1.2 3.00 44.00 47.00 OK
r-oldrel-macos-arm64 1.2 21.00 OK
r-oldrel-macos-x86_64 1.2 23.00 OK
r-oldrel-windows-x86_64 1.2 3.00 43.00 46.00 OK

Check Details

Version: 1.2
Check: CRAN incoming feasibility
Result: NOTE Maintainer: ‘Garrett M. Dancik <dancikg@easternct.edu>’ No Authors@R field in DESCRIPTION. Please add one, modifying Authors@R: c(person(given = c("Garrett", "M."), family = "Dancik", role = c("aut", "cre"), email = "dancikg@easternct.edu"), person(given = "Yuanbin", family = "Ru", role = "aut")) as necessary. Flavors: r-devel-linux-x86_64-debian-clang, r-devel-linux-x86_64-debian-gcc