Last updated on 2025-10-01 21:50:06 CEST.
Flavor | Version | Tinstall | Tcheck | Ttotal | Status | Flags |
---|---|---|---|---|---|---|
r-devel-linux-x86_64-debian-clang | 0.1.1 | 29.62 | 67.97 | 97.59 | OK | |
r-devel-linux-x86_64-debian-gcc | 0.1.1 | 20.02 | 49.90 | 69.92 | OK | |
r-devel-linux-x86_64-fedora-clang | 0.1.1 | 161.61 | OK | |||
r-devel-linux-x86_64-fedora-gcc | 0.1.1 | 154.01 | OK | |||
r-devel-windows-x86_64 | 0.1.1 | 36.00 | 110.00 | 146.00 | OK | |
r-patched-linux-x86_64 | 0.1.0 | 28.36 | 62.40 | 90.76 | NOTE | |
r-release-linux-x86_64 | 0.1.1 | 31.64 | 62.06 | 93.70 | OK | |
r-release-macos-arm64 | 0.1.1 | 44.00 | OK | |||
r-release-macos-x86_64 | 0.1.1 | 115.00 | OK | |||
r-release-windows-x86_64 | 0.1.1 | 37.00 | 91.00 | 128.00 | OK | |
r-oldrel-macos-arm64 | 0.1.1 | 48.00 | OK | |||
r-oldrel-macos-x86_64 | 0.1.1 | 116.00 | OK | |||
r-oldrel-windows-x86_64 | 0.1.1 | 50.00 | 122.00 | 172.00 | OK |
Version: 0.1.0
Check: C++ specification
Result: NOTE
Specified C++11: please drop specification unless essential
Flavor: r-patched-linux-x86_64