Last updated on 2024-06-27 10:49:28 CEST.
Flavor | Version | Tinstall | Tcheck | Ttotal | Status | Flags |
---|---|---|---|---|---|---|
r-devel-linux-x86_64-debian-clang | 0.1.1 | NOTE | ||||
r-devel-linux-x86_64-debian-gcc | 0.1.1 | 2.83 | 48.71 | 51.54 | NOTE | |
r-devel-linux-x86_64-fedora-clang | 0.1.1 | 87.80 | NOTE | |||
r-devel-linux-x86_64-fedora-gcc | 0.1.1 | 96.24 | NOTE | |||
r-devel-windows-x86_64 | 0.1.1 | 4.00 | 74.00 | 78.00 | NOTE | |
r-patched-linux-x86_64 | 0.1.1 | 3.04 | 62.15 | 65.19 | NOTE | |
r-release-linux-x86_64 | 0.1.1 | 3.65 | 63.63 | 67.28 | NOTE | |
r-release-macos-arm64 | 0.1.1 | 35.00 | NOTE | |||
r-release-macos-x86_64 | 0.1.1 | 51.00 | NOTE | |||
r-release-windows-x86_64 | 0.1.1 | 4.00 | 76.00 | 80.00 | NOTE | |
r-oldrel-macos-arm64 | 0.1.1 | 34.00 | NOTE | |||
r-oldrel-macos-x86_64 | 0.1.1 | 53.00 | NOTE | |||
r-oldrel-windows-x86_64 | 0.1.1 | 5.00 | 82.00 | 87.00 | NOTE |
Version: 0.1.1
Check: LazyData
Result: NOTE
'LazyData' is specified without a 'data' directory
Flavors: r-devel-linux-x86_64-debian-clang, r-devel-linux-x86_64-debian-gcc, r-devel-linux-x86_64-fedora-clang, r-devel-linux-x86_64-fedora-gcc, r-devel-windows-x86_64, r-patched-linux-x86_64, r-release-linux-x86_64, r-release-macos-arm64, r-release-macos-x86_64, r-release-windows-x86_64, r-oldrel-macos-arm64, r-oldrel-macos-x86_64, r-oldrel-windows-x86_64