Last updated on 2025-10-02 16:48:33 CEST.
Flavor | Version | Tinstall | Tcheck | Ttotal | Status | Flags |
---|---|---|---|---|---|---|
r-devel-linux-x86_64-debian-clang | 0.1.0 | 5.79 | 47.66 | 53.45 | NOTE | |
r-devel-linux-x86_64-debian-gcc | 0.1.0 | 3.63 | 34.23 | 37.86 | NOTE | |
r-devel-linux-x86_64-fedora-clang | 0.1.0 | 80.79 | NOTE | |||
r-devel-linux-x86_64-fedora-gcc | 0.1.0 | 74.29 | NOTE | |||
r-devel-windows-x86_64 | 0.1.0 | 7.00 | 62.00 | 69.00 | NOTE | |
r-patched-linux-x86_64 | 0.1.0 | 5.00 | 43.01 | 48.01 | NOTE | |
r-release-linux-x86_64 | 0.1.0 | 5.50 | 43.18 | 48.68 | NOTE | |
r-release-macos-arm64 | 0.1.0 | 24.00 | NOTE | |||
r-release-macos-x86_64 | 0.1.0 | 46.00 | NOTE | |||
r-release-windows-x86_64 | 0.1.0 | 7.00 | 59.00 | 66.00 | NOTE | |
r-oldrel-macos-arm64 | 0.1.0 | 193.00 | OK | |||
r-oldrel-macos-x86_64 | 0.1.0 | 212.00 | OK | |||
r-oldrel-windows-x86_64 | 0.1.0 | 10.00 | 71.00 | 81.00 | OK |
Version: 0.1.0
Check: DESCRIPTION meta-information
Result: NOTE
Missing dependency on R >= 4.1.0 because package code uses the pipe
|> or function shorthand \(...) syntax added in R 4.1.0.
File(s) using such syntax:
‘long_est.R’
Flavors: r-devel-linux-x86_64-debian-clang, r-devel-linux-x86_64-debian-gcc, r-devel-linux-x86_64-fedora-clang, r-devel-linux-x86_64-fedora-gcc, r-devel-windows-x86_64, r-patched-linux-x86_64, r-release-linux-x86_64, r-release-macos-arm64, r-release-macos-x86_64, r-release-windows-x86_64