Last updated on 2024-06-27 10:49:28 CEST.
Flavor | Version | Tinstall | Tcheck | Ttotal | Status | Flags |
---|---|---|---|---|---|---|
r-devel-linux-x86_64-debian-clang | 0.1.0 | OK | ||||
r-devel-linux-x86_64-debian-gcc | 0.1.0 | 28.07 | 226.75 | 254.82 | OK | |
r-devel-linux-x86_64-fedora-clang | 0.1.0 | 416.20 | NOTE | |||
r-devel-linux-x86_64-fedora-gcc | 0.1.0 | 409.79 | OK | |||
r-devel-windows-x86_64 | 0.1.0 | 34.00 | 188.00 | 222.00 | NOTE | |
r-patched-linux-x86_64 | 0.1.0 | 33.88 | 308.25 | 342.13 | OK | |
r-release-linux-x86_64 | 0.1.0 | 47.78 | 305.95 | 353.73 | OK | |
r-release-macos-arm64 | 0.1.0 | 96.00 | NOTE | |||
r-release-macos-x86_64 | 0.1.0 | 154.00 | NOTE | |||
r-release-windows-x86_64 | 0.1.0 | 36.00 | 191.00 | 227.00 | NOTE | |
r-oldrel-macos-arm64 | 0.1.0 | 101.00 | NOTE | |||
r-oldrel-macos-x86_64 | 0.1.0 | 272.00 | NOTE | |||
r-oldrel-windows-x86_64 | 0.1.0 | 44.00 | 265.00 | 309.00 | NOTE |
Version: 0.1.0
Check: installed package size
Result: NOTE
installed size is 48.7Mb
sub-directories of 1Mb or more:
extdata 48.5Mb
Flavors: r-devel-linux-x86_64-fedora-clang, r-devel-windows-x86_64, r-release-macos-arm64, r-release-macos-x86_64, r-release-windows-x86_64, r-oldrel-macos-arm64, r-oldrel-macos-x86_64, r-oldrel-windows-x86_64