Last updated on 2024-07-13 11:49:09 CEST.
Flavor | Version | Tinstall | Tcheck | Ttotal | Status | Flags |
---|---|---|---|---|---|---|
r-devel-linux-x86_64-debian-clang | 1.0.3 | 8.47 | 27.69 | 36.16 | NOTE | |
r-devel-linux-x86_64-debian-gcc | 1.0.3 | 6.40 | 21.00 | 27.40 | NOTE | |
r-devel-linux-x86_64-fedora-clang | 1.0.3 | 50.76 | NOTE | |||
r-devel-linux-x86_64-fedora-gcc | 1.0.3 | 46.26 | NOTE | |||
r-devel-windows-x86_64 | 1.0.3 | 10.00 | 49.00 | 59.00 | NOTE | |
r-patched-linux-x86_64 | 1.0.3 | 7.50 | 26.60 | 34.10 | OK | |
r-release-linux-x86_64 | 1.0.3 | 7.69 | 26.11 | 33.80 | OK | |
r-release-macos-arm64 | 1.0.3 | 17.00 | OK | |||
r-release-macos-x86_64 | 1.0.3 | 37.00 | OK | |||
r-release-windows-x86_64 | 1.0.3 | 10.00 | 48.00 | 58.00 | OK | |
r-oldrel-macos-arm64 | 1.0.3 | 17.00 | OK | |||
r-oldrel-macos-x86_64 | 1.0.3 | 26.00 | OK | |||
r-oldrel-windows-x86_64 | 1.0.3 | 10.00 | 51.00 | 61.00 | OK |
Version: 1.0.3
Check: compiled code
Result: NOTE
File ‘CMF/libs/CMF.so’:
Found non-API calls to R: ‘SETLENGTH’, ‘SET_GROWABLE_BIT’,
‘SET_TRUELENGTH’
Compiled code should not call non-API entry points in R.
See ‘Writing portable packages’ in the ‘Writing R Extensions’ manual,
and section ‘Moving into C API compliance’ for issues with the use of
non-API entry points.
Flavors: r-devel-linux-x86_64-debian-clang, r-devel-linux-x86_64-debian-gcc, r-devel-linux-x86_64-fedora-clang, r-devel-linux-x86_64-fedora-gcc
Version: 1.0.3
Check: compiled code
Result: NOTE
File 'CMF/libs/x64/CMF.dll':
Found non-API calls to R: 'SETLENGTH', 'SET_GROWABLE_BIT',
'SET_TRUELENGTH'
Compiled code should not call non-API entry points in R.
See 'Writing portable packages' in the 'Writing R Extensions' manual,
and section 'Moving into C API compliance' for issues with the use of
non-API entry points.
Flavor: r-devel-windows-x86_64