Last updated on 2025-04-29 19:50:28 CEST.
Flavor | Version | Tinstall | Tcheck | Ttotal | Status | Flags |
---|---|---|---|---|---|---|
r-devel-linux-x86_64-debian-clang | 2.1.4 | 22.30 | 152.07 | 174.37 | NOTE | |
r-devel-linux-x86_64-debian-gcc | 2.1.4 | 13.37 | 99.10 | 112.47 | NOTE | |
r-devel-linux-x86_64-fedora-clang | 2.1.4 | 262.12 | OK | |||
r-devel-linux-x86_64-fedora-gcc | 2.1.4 | 283.17 | OK | |||
r-devel-windows-x86_64 | 2.1.4 | 24.00 | 190.00 | 214.00 | OK | |
r-patched-linux-x86_64 | 2.1.4 | 25.59 | 140.71 | 166.30 | OK | |
r-release-linux-x86_64 | 2.1.4 | 18.81 | 139.56 | 158.37 | OK | |
r-release-macos-arm64 | 2.1.4 | 87.00 | OK | |||
r-release-macos-x86_64 | 2.1.4 | 148.00 | OK | |||
r-release-windows-x86_64 | 2.1.4 | 26.00 | 189.00 | 215.00 | OK | |
r-oldrel-macos-arm64 | 2.1.4 | 68.00 | OK | |||
r-oldrel-macos-x86_64 | 2.1.4 | 110.00 | OK | |||
r-oldrel-windows-x86_64 | 2.1.4 | 33.00 | 229.00 | 262.00 | OK |
Version: 2.1.4
Check: CRAN incoming feasibility
Result: NOTE
Maintainer: ‘Mohsin Vindhani <mohsin@utiligize.com>’
Package CITATION file contains call(s) to old-style personList() or
as.personList(). Please use c() on person objects instead.
Package CITATION file contains call(s) to old-style citEntry(). Please
use bibentry() instead.
Flavors: r-devel-linux-x86_64-debian-clang, r-devel-linux-x86_64-debian-gcc