Last updated on 2025-07-08 14:49:34 CEST.
Flavor | Version | Tinstall | Tcheck | Ttotal | Status | Flags |
---|---|---|---|---|---|---|
r-devel-linux-x86_64-debian-clang | 1.0.0 | 132.33 | 140.69 | 273.02 | OK | |
r-devel-linux-x86_64-debian-gcc | 1.0.0 | 121.71 | 112.66 | 234.37 | OK | |
r-devel-linux-x86_64-fedora-clang | 1.0.0 | 438.56 | NOTE | |||
r-devel-linux-x86_64-fedora-gcc | 1.0.0 | 503.32 | NOTE | |||
r-devel-windows-x86_64 | 1.0.0 | 141.00 | 159.00 | 300.00 | OK | |
r-patched-linux-x86_64 | 1.0.0 | 151.90 | 147.42 | 299.32 | OK | |
r-release-linux-x86_64 | 1.0.0 | 156.57 | 147.58 | 304.15 | OK | |
r-release-macos-arm64 | 1.0.0 | 108.00 | OK | |||
r-release-macos-x86_64 | 1.0.0 | 216.00 | OK | |||
r-release-windows-x86_64 | 1.0.0 | 145.00 | 164.00 | 309.00 | OK | |
r-oldrel-macos-arm64 | 1.0.0 | 63.00 | NOTE | |||
r-oldrel-macos-x86_64 | 1.0.0 | 114.00 | NOTE | |||
r-oldrel-windows-x86_64 | 1.0.0 | 165.00 | 201.00 | 366.00 | NOTE |
Version: 1.0.0
Check: dependencies in R code
Result: NOTE
Namespace in Imports field not imported from: ‘rstantools’
All declared Imports should be used.
Flavors: r-devel-linux-x86_64-fedora-clang, r-devel-linux-x86_64-fedora-gcc
Version: 1.0.0
Check: installed package size
Result: NOTE
installed size is 41.1Mb
sub-directories of 1Mb or more:
libs 40.8Mb
Flavors: r-oldrel-macos-arm64, r-oldrel-macos-x86_64
Version: 1.0.0
Check: for GNU extensions in Makefiles
Result: NOTE
GNU make is a SystemRequirements.
Flavors: r-oldrel-macos-arm64, r-oldrel-macos-x86_64, r-oldrel-windows-x86_64