Last updated on 2025-04-29 13:51:19 CEST.
Flavor | Version | Tinstall | Tcheck | Ttotal | Status | Flags |
---|---|---|---|---|---|---|
r-devel-linux-x86_64-debian-clang | 3.2 | 3.07 | 26.12 | 29.19 | NOTE | |
r-devel-linux-x86_64-debian-gcc | 3.2 | 2.28 | 20.03 | 22.31 | NOTE | |
r-devel-linux-x86_64-fedora-clang | 3.2 | 46.24 | OK | |||
r-devel-linux-x86_64-fedora-gcc | 3.2 | 47.03 | OK | |||
r-devel-windows-x86_64 | 3.2 | 4.00 | 44.00 | 48.00 | OK | |
r-patched-linux-x86_64 | 3.2 | 3.44 | 24.90 | 28.34 | OK | |
r-release-linux-x86_64 | 3.2 | 3.30 | 24.87 | 28.17 | OK | |
r-release-macos-arm64 | 3.2 | 17.00 | OK | |||
r-release-macos-x86_64 | 3.2 | 33.00 | OK | |||
r-release-windows-x86_64 | 3.2 | 5.00 | 46.00 | 51.00 | OK | |
r-oldrel-macos-arm64 | 3.2 | 22.00 | OK | |||
r-oldrel-macos-x86_64 | 3.2 | 32.00 | OK | |||
r-oldrel-windows-x86_64 | 3.2 | 3.00 | 45.00 | 48.00 | OK |
Version: 3.2
Check: CRAN incoming feasibility
Result: NOTE
Maintainer: ‘Guoli Sun <guolisun87@gmail.com>’
No Authors@R field in DESCRIPTION.
Please add one, modifying
Authors@R: c(person(given = "Alex",
family = "Krasnitz",
role = "aut"),
person(given = "Guoli",
family = "Sun",
role = c("aut", "cre"),
email = "guolisun87@gmail.com"))
as necessary.
Flavors: r-devel-linux-x86_64-debian-clang, r-devel-linux-x86_64-debian-gcc