Last updated on 2025-11-16 06:49:33 CET.
| Flavor | Version | Tinstall | Tcheck | Ttotal | Status | Flags |
|---|---|---|---|---|---|---|
| r-devel-linux-x86_64-debian-clang | 0.1.0 | 9.35 | 70.65 | 80.00 | NOTE | |
| r-devel-linux-x86_64-debian-gcc | 0.1.0 | 6.25 | 53.22 | 59.47 | NOTE | |
| r-devel-linux-x86_64-fedora-clang | 0.1.0 | 18.00 | 105.06 | 123.06 | OK | |
| r-devel-linux-x86_64-fedora-gcc | 0.1.0 | 19.00 | 97.90 | 116.90 | OK | |
| r-devel-windows-x86_64 | 0.1.0 | 12.00 | 78.00 | 90.00 | OK | |
| r-patched-linux-x86_64 | 0.1.0 | 8.97 | 68.15 | 77.12 | OK | |
| r-release-linux-x86_64 | 0.1.0 | 6.46 | 68.31 | 74.77 | OK | |
| r-release-macos-arm64 | 0.1.0 | 4.00 | 36.00 | 40.00 | OK | |
| r-release-macos-x86_64 | 0.1.0 | 8.00 | 60.00 | 68.00 | OK | |
| r-release-windows-x86_64 | 0.1.0 | 10.00 | 77.00 | 87.00 | OK | |
| r-oldrel-macos-arm64 | 0.1.0 | 4.00 | 32.00 | 36.00 | OK | |
| r-oldrel-macos-x86_64 | 0.1.0 | 6.00 | 50.00 | 56.00 | OK | |
| r-oldrel-windows-x86_64 | 0.1.0 | 14.00 | 99.00 | 113.00 | OK |
Version: 0.1.0
Check: CRAN incoming feasibility
Result: NOTE
Maintainer: ‘Yanlin Tang <yanlintang2018@163.com>’
No Authors@R field in DESCRIPTION.
Please add one, modifying
Authors@R: c(person(given = "Yanlin",
family = "Tang",
role = c("aut", "cre"),
email = "yanlintang2018@163.com"),
person(given = c("Huixia", "Judy"),
family = "Wang",
role = "aut"))
as necessary.
Flavors: r-devel-linux-x86_64-debian-clang, r-devel-linux-x86_64-debian-gcc