Last updated on 2025-11-16 12:49:27 CET.
| Flavor | Version | Tinstall | Tcheck | Ttotal | Status | Flags |
|---|---|---|---|---|---|---|
| r-devel-linux-x86_64-debian-clang | 1.1.2 | 86.31 | 34.73 | 121.04 | OK | |
| r-devel-linux-x86_64-debian-gcc | 1.1.2 | 57.49 | 27.63 | 85.12 | OK | |
| r-devel-linux-x86_64-fedora-clang | 1.1.2 | 106.00 | 137.03 | 243.03 | OK | |
| r-devel-linux-x86_64-fedora-gcc | 1.1.2 | 93.00 | 121.57 | 214.57 | OK | |
| r-devel-windows-x86_64 | 1.1.2 | 119.00 | 74.00 | 193.00 | OK | |
| r-patched-linux-x86_64 | 1.1.2 | 89.03 | 32.35 | 121.38 | OK | |
| r-release-linux-x86_64 | 1.1.2 | 93.02 | 32.82 | 125.84 | OK | |
| r-release-macos-arm64 | 1.1.2 | 40.00 | 17.00 | 57.00 | OK | |
| r-release-macos-x86_64 | 1.1.2 | 42.00 | 29.00 | 71.00 | OK | |
| r-release-windows-x86_64 | 1.1.2 | 107.00 | 75.00 | 182.00 | OK | |
| r-oldrel-macos-arm64 | 1.1.2 | 38.00 | 28.00 | 66.00 | NOTE | |
| r-oldrel-macos-x86_64 | 1.1.2 | 45.00 | 34.00 | 79.00 | NOTE | |
| r-oldrel-windows-x86_64 | 1.1.2 | 131.00 | 85.00 | 216.00 | OK |
Version: 1.1.2
Check: installed package size
Result: NOTE
installed size is 5.3Mb
sub-directories of 1Mb or more:
libs 5.1Mb
Flavors: r-oldrel-macos-arm64, r-oldrel-macos-x86_64