CRAN Package Check Results for Package CRTSize

Last updated on 2025-04-29 13:51:20 CEST.

Flavor Version Tinstall Tcheck Ttotal Status Flags
r-devel-linux-x86_64-debian-clang 1.2 3.25 28.82 32.07 NOTE
r-devel-linux-x86_64-debian-gcc 1.2 2.25 22.05 24.30 NOTE
r-devel-linux-x86_64-fedora-clang 1.2 51.59 OK
r-devel-linux-x86_64-fedora-gcc 1.2 51.05 OK
r-devel-windows-x86_64 1.2 4.00 46.00 50.00 OK
r-patched-linux-x86_64 1.2 3.17 27.19 30.36 OK
r-release-linux-x86_64 1.2 2.74 26.90 29.64 OK
r-release-macos-arm64 1.2 19.00 OK
r-release-macos-x86_64 1.2 33.00 OK
r-release-windows-x86_64 1.2 4.00 47.00 51.00 OK
r-oldrel-macos-arm64 1.2 19.00 OK
r-oldrel-macos-x86_64 1.2 27.00 OK
r-oldrel-windows-x86_64 1.2 4.00 46.00 50.00 OK

Check Details

Version: 1.2
Check: CRAN incoming feasibility
Result: NOTE Maintainer: ‘Michael A Rotondi <mrotondi@yorku.ca>’ No Authors@R field in DESCRIPTION. Please add one, modifying Authors@R: person(given = c("Michael", "A"), family = "Rotondi", role = c("aut", "cre"), email = "mrotondi@yorku.ca") as necessary. Flavors: r-devel-linux-x86_64-debian-clang, r-devel-linux-x86_64-debian-gcc