Last updated on 2025-05-18 20:49:38 CEST.
Flavor | Version | Tinstall | Tcheck | Ttotal | Status | Flags |
---|---|---|---|---|---|---|
r-devel-linux-x86_64-debian-clang | 1.2.5 | 3.07 | 43.44 | 46.51 | NOTE | |
r-devel-linux-x86_64-debian-gcc | 1.2.5 | 2.24 | 30.21 | 32.45 | NOTE | |
r-devel-linux-x86_64-fedora-clang | 1.2.5 | 70.50 | OK | |||
r-devel-linux-x86_64-fedora-gcc | 1.2.5 | 66.72 | OK | |||
r-devel-windows-x86_64 | 1.2.5 | 4.00 | 68.00 | 72.00 | OK | |
r-patched-linux-x86_64 | 1.2.5 | 2.44 | 40.49 | 42.93 | OK | |
r-release-linux-x86_64 | 1.2.5 | 2.20 | 40.56 | 42.76 | OK | |
r-release-macos-arm64 | 1.2.5 | 29.00 | OK | |||
r-release-macos-x86_64 | 1.2.5 | 63.00 | OK | |||
r-release-windows-x86_64 | 1.2.5 | 3.00 | 72.00 | 75.00 | OK | |
r-oldrel-macos-arm64 | 1.2.5 | 24.00 | OK | |||
r-oldrel-macos-x86_64 | 1.2.5 | 57.00 | OK | |||
r-oldrel-windows-x86_64 | 1.2.5 | 4.00 | 77.00 | 81.00 | OK |
Version: 1.2.5
Check: CRAN incoming feasibility
Result: NOTE
Maintainer: ‘Alex J. Cannon <alex.cannon@canada.ca>’
No Authors@R field in DESCRIPTION.
Please add one, modifying
Authors@R: person(given = c("Alex", "J."),
family = "Cannon",
role = c("aut", "cre"),
email = "alex.cannon@canada.ca")
as necessary.
Package CITATION file contains call(s) to old-style citEntry(). Please
use bibentry() instead.
Flavors: r-devel-linux-x86_64-debian-clang, r-devel-linux-x86_64-debian-gcc