Last updated on 2025-11-16 06:49:32 CET.
| Flavor | Version | Tinstall | Tcheck | Ttotal | Status | Flags |
|---|---|---|---|---|---|---|
| r-devel-linux-x86_64-debian-clang | 0.2.1 | 5.30 | 47.66 | 52.96 | OK | |
| r-devel-linux-x86_64-debian-gcc | 0.2.1 | 4.63 | 36.46 | 41.09 | OK | |
| r-devel-linux-x86_64-fedora-clang | 0.2.1 | 31.00 | 56.95 | 87.95 | OK | |
| r-devel-linux-x86_64-fedora-gcc | 0.2.1 | 13.00 | 64.56 | 77.56 | OK | |
| r-devel-windows-x86_64 | 0.2.1 | 24.00 | 64.00 | 88.00 | OK | |
| r-patched-linux-x86_64 | 0.2.1 | 6.87 | 44.24 | 51.11 | OK | |
| r-release-linux-x86_64 | 0.2.1 | 6.20 | 45.15 | 51.35 | OK | |
| r-release-macos-arm64 | 0.2.1 | 3.00 | 26.00 | 29.00 | OK | |
| r-release-macos-x86_64 | 0.2.1 | 6.00 | 45.00 | 51.00 | OK | |
| r-release-windows-x86_64 | 0.2.1 | 9.00 | 64.00 | 73.00 | OK | |
| r-oldrel-macos-arm64 | 0.2.1 | 3.00 | 25.00 | 28.00 | NOTE | |
| r-oldrel-macos-x86_64 | 0.2.1 | 8.00 | 60.00 | 68.00 | NOTE | |
| r-oldrel-windows-x86_64 | 0.2.1 | 14.00 | 75.00 | 89.00 | NOTE |
Version: 0.2.1
Check: installed package size
Result: NOTE
installed size is 6.2Mb
sub-directories of 1Mb or more:
entry_level 1.7Mb
virtual_patient_simulator 3.1Mb
Flavors: r-oldrel-macos-arm64, r-oldrel-macos-x86_64, r-oldrel-windows-x86_64