Last updated on 2025-04-29 13:51:18 CEST.
Flavor | Version | Tinstall | Tcheck | Ttotal | Status | Flags |
---|---|---|---|---|---|---|
r-devel-linux-x86_64-debian-clang | 2.1 | 11.83 | 109.44 | 121.27 | NOTE | |
r-devel-linux-x86_64-debian-gcc | 2.1 | 8.14 | 76.80 | 84.94 | NOTE | |
r-devel-linux-x86_64-fedora-clang | 2.1 | 200.10 | OK | |||
r-devel-linux-x86_64-fedora-gcc | 2.1 | 189.29 | OK | |||
r-devel-windows-x86_64 | 2.1 | 14.00 | 111.00 | 125.00 | OK | |
r-patched-linux-x86_64 | 2.1 | 10.90 | 100.56 | 111.46 | OK | |
r-release-linux-x86_64 | 2.1 | 11.20 | 99.38 | 110.58 | OK | |
r-release-macos-arm64 | 2.1 | 86.00 | OK | |||
r-release-macos-x86_64 | 2.1 | 118.00 | OK | |||
r-release-windows-x86_64 | 2.1 | 14.00 | 116.00 | 130.00 | OK | |
r-oldrel-macos-arm64 | 2.1 | 56.00 | OK | |||
r-oldrel-macos-x86_64 | 2.1 | 84.00 | OK | |||
r-oldrel-windows-x86_64 | 2.1 | 15.00 | 141.00 | 156.00 | OK |
Version: 2.1
Check: CRAN incoming feasibility
Result: NOTE
Maintainer: ‘Frederic Bertrand <frederic.bertrand@utt.fr>’
Package CITATION file contains call(s) to old-style personList() or
as.personList(). Please use c() on person objects instead.
Package CITATION file contains call(s) to old-style citEntry(). Please
use bibentry() instead.
Flavors: r-devel-linux-x86_64-debian-clang, r-devel-linux-x86_64-debian-gcc