Last updated on 2025-11-16 06:49:32 CET.
| Flavor | Version | Tinstall | Tcheck | Ttotal | Status | Flags |
|---|---|---|---|---|---|---|
| r-devel-linux-x86_64-debian-clang | 1.6 | 1.58 | 25.72 | 27.30 | OK | |
| r-devel-linux-x86_64-debian-gcc | 1.6 | 1.35 | 21.33 | 22.68 | NOTE | |
| r-devel-linux-x86_64-fedora-clang | 1.6 | 39.73 | OK | |||
| r-devel-linux-x86_64-fedora-gcc | 1.6 | 35.92 | OK | |||
| r-devel-windows-x86_64 | 1.6 | 7.00 | 42.00 | 49.00 | OK | |
| r-patched-linux-x86_64 | 1.6 | 1.71 | 23.26 | 24.97 | OK | |
| r-release-linux-x86_64 | 1.6 | 1.45 | 23.19 | 24.64 | OK | |
| r-release-macos-arm64 | 1.6 | 1.00 | 43.00 | 44.00 | OK | |
| r-release-macos-x86_64 | 1.6 | 2.00 | 45.00 | 47.00 | OK | |
| r-release-windows-x86_64 | 1.6 | 3.00 | 41.00 | 44.00 | OK | |
| r-oldrel-macos-arm64 | 1.6 | 1.00 | 25.00 | 26.00 | OK | |
| r-oldrel-macos-x86_64 | 1.6 | 2.00 | 44.00 | 46.00 | OK | |
| r-oldrel-windows-x86_64 | 1.6 | 4.00 | 48.00 | 52.00 | OK |
Version: 1.6
Check: CRAN incoming feasibility
Result: NOTE
Maintainer: ‘Frederic Bertrand <frederic.bertrand@lecnam.net>’
The BugReports field in DESCRIPTION has
https://github.com/fbertran/CascadeData/issues/
which should likely be
https://github.com/fbertran/CascadeData/issues/issues
instead.
Flavor: r-devel-linux-x86_64-debian-gcc