Last updated on 2024-07-13 05:49:10 CEST.
Flavor | Version | Tinstall | Tcheck | Ttotal | Status | Flags |
---|---|---|---|---|---|---|
r-devel-linux-x86_64-debian-clang | 1.3.0 | 2.34 | 56.86 | 59.20 | NOTE | |
r-devel-linux-x86_64-debian-gcc | 1.3.0 | 2.90 | 41.39 | 44.29 | NOTE | |
r-devel-linux-x86_64-fedora-clang | 1.3.0 | 76.51 | NOTE | |||
r-devel-linux-x86_64-fedora-gcc | 1.3.0 | 70.66 | NOTE | |||
r-devel-windows-x86_64 | 1.3.0 | 4.00 | 75.00 | 79.00 | NOTE | |
r-patched-linux-x86_64 | 1.3.0 | 3.14 | 54.83 | 57.97 | NOTE | |
r-release-linux-x86_64 | 1.3.0 | 3.13 | 53.19 | 56.32 | NOTE | |
r-release-macos-arm64 | 1.3.0 | 25.00 | NOTE | |||
r-release-macos-x86_64 | 1.3.0 | 41.00 | NOTE | |||
r-release-windows-x86_64 | 1.3.0 | 3.00 | 68.00 | 71.00 | NOTE | |
r-oldrel-macos-arm64 | 1.3.0 | 25.00 | NOTE | |||
r-oldrel-macos-x86_64 | 1.3.0 | 45.00 | NOTE | |||
r-oldrel-windows-x86_64 | 1.3.0 | 5.00 | 73.00 | 78.00 | NOTE |
Version: 1.3.0
Check: package subdirectories
Result: NOTE
Problems with news in ‘NEWS.md’:
No news entries found.
Flavors: r-devel-linux-x86_64-debian-clang, r-devel-linux-x86_64-debian-gcc, r-devel-linux-x86_64-fedora-clang, r-devel-linux-x86_64-fedora-gcc, r-devel-windows-x86_64, r-patched-linux-x86_64, r-release-linux-x86_64, r-release-macos-arm64, r-release-macos-x86_64, r-release-windows-x86_64, r-oldrel-macos-arm64, r-oldrel-macos-x86_64, r-oldrel-windows-x86_64