CRAN Package Check Results for Package ClimInd

Last updated on 2025-04-29 13:51:19 CEST.

Flavor Version Tinstall Tcheck Ttotal Status Flags
r-devel-linux-x86_64-debian-clang 0.1-3 17.27 196.94 214.21 NOTE
r-devel-linux-x86_64-debian-gcc 0.1-3 11.90 131.69 143.59 NOTE
r-devel-linux-x86_64-fedora-clang 0.1-3 313.70 OK
r-devel-linux-x86_64-fedora-gcc 0.1-3 329.20 OK
r-devel-windows-x86_64 0.1-3 20.00 222.00 242.00 OK
r-patched-linux-x86_64 0.1-3 19.99 187.71 207.70 OK
r-release-linux-x86_64 0.1-3 16.00 187.71 203.71 OK
r-release-macos-arm64 0.1-3 89.00 OK
r-release-macos-x86_64 0.1-3 172.00 OK
r-release-windows-x86_64 0.1-3 21.00 235.00 256.00 OK
r-oldrel-macos-arm64 0.1-3 84.00 OK
r-oldrel-macos-x86_64 0.1-3 140.00 OK
r-oldrel-windows-x86_64 0.1-3 24.00 284.00 308.00 OK

Check Details

Version: 0.1-3
Check: CRAN incoming feasibility
Result: NOTE Maintainer: ‘Fergus Reig-Gracia <fergusrg@gmail.com>’ No Authors@R field in DESCRIPTION. Please add one, modifying Authors@R: c(person(given = "Fergus", family = "Reig-Gracia", role = c("aut", "cre"), email = "fergusrg@gmail.com"), person(given = c("Sergio", "M."), family = "Vicente-Serrano", role = "aut"), person(given = "Fernando", family = "Dominguez-Castro", role = "aut"), person(given = "Joaquin", family = "Bedia-Jiménez", role = "ctb")) as necessary. Flavors: r-devel-linux-x86_64-debian-clang, r-devel-linux-x86_64-debian-gcc