Last updated on 2025-04-29 13:51:19 CEST.
Flavor | Version | Tinstall | Tcheck | Ttotal | Status | Flags |
---|---|---|---|---|---|---|
r-devel-linux-x86_64-debian-clang | 1.2 | 1.96 | 18.36 | 20.32 | NOTE | |
r-devel-linux-x86_64-debian-gcc | 1.2 | 1.46 | 14.89 | 16.35 | NOTE | |
r-devel-linux-x86_64-fedora-clang | 1.2 | 31.00 | OK | |||
r-devel-linux-x86_64-fedora-gcc | 1.2 | 31.15 | OK | |||
r-devel-windows-x86_64 | 1.2 | 2.00 | 38.00 | 40.00 | OK | |
r-patched-linux-x86_64 | 1.2 | 2.25 | 17.51 | 19.76 | OK | |
r-release-linux-x86_64 | 1.2 | 2.06 | 17.35 | 19.41 | OK | |
r-release-macos-arm64 | 1.2 | 15.00 | OK | |||
r-release-macos-x86_64 | 1.2 | 22.00 | OK | |||
r-release-windows-x86_64 | 1.2 | 3.00 | 39.00 | 42.00 | OK | |
r-oldrel-macos-arm64 | 1.2 | 19.00 | OK | |||
r-oldrel-macos-x86_64 | 1.2 | 32.00 | OK | |||
r-oldrel-windows-x86_64 | 1.2 | 5.00 | 41.00 | 46.00 | OK |
Version: 1.2
Check: CRAN incoming feasibility
Result: NOTE
Maintainer: ‘Mike Malek-Ahmadi <michael.malekahmadi@bannerhealth.com>’
No Authors@R field in DESCRIPTION.
Please add one, modifying
Authors@R: c(person(given = "Mike",
family = "Malek-Ahmadi",
role = c("aut", "cre"),
email = "michael.malekahmadi@bannerhealth.com"),
person(given = "Kjera",
family = "Schack",
role = "aut",
email = "kgschack@asu.edu"))
as necessary.
Flavors: r-devel-linux-x86_64-debian-clang, r-devel-linux-x86_64-debian-gcc