CRAN Package Check Results for Package ClusROC

Last updated on 2025-10-02 22:50:52 CEST.

Flavor Version Tinstall Tcheck Ttotal Status Flags
r-devel-linux-x86_64-debian-clang 1.0.2 26.63 157.17 183.80 NOTE
r-devel-linux-x86_64-debian-gcc 1.0.3 16.79 103.24 120.03 OK
r-devel-linux-x86_64-fedora-clang 1.0.3 303.99 OK
r-devel-linux-x86_64-fedora-gcc 1.0.3 298.01 OK
r-devel-windows-x86_64 1.0.3 33.00 297.00 330.00 OK
r-patched-linux-x86_64 1.0.2 23.48 146.86 170.34 NOTE
r-release-linux-x86_64 1.0.2 24.89 147.68 172.57 NOTE
r-release-macos-arm64 1.0.2 125.00 OK
r-release-macos-x86_64 1.0.3 209.00 OK
r-release-windows-x86_64 1.0.2 34.00 297.00 331.00 NOTE
r-oldrel-macos-arm64 1.0.2 125.00 OK
r-oldrel-macos-x86_64 1.0.3 273.00 OK
r-oldrel-windows-x86_64 1.0.2 41.00 403.00 444.00 OK

Check Details

Version: 1.0.2
Check: CRAN incoming feasibility
Result: NOTE Maintainer: ‘Duc-Khanh To <toduc@stat.unipd.it>’ No Authors@R field in DESCRIPTION. Please add one, modifying Authors@R: c(person(given = "Duc-Khanh", family = "To", role = c("aut", "cre"), email = "toduc@stat.unipd.it", comment = c(ORCID = "0000-0002-4641-0764")), person(given = c("with", "contributions", "from", "Gianfranco"), family = "Adimari"), person(given = "Monica", family = "Chiogna")) as necessary. Flavor: r-devel-linux-x86_64-debian-clang

Version: 1.0.2
Check: Rd cross-references
Result: NOTE Found the following Rd file(s) with Rd \link{} targets missing package anchors: plot.clus_lme.Rd: ggexport plot.clus_opt_thres3.Rd: ggexport Please provide package anchors for all Rd \link{} targets not in the package itself and the base packages. Flavors: r-devel-linux-x86_64-debian-clang, r-patched-linux-x86_64, r-release-linux-x86_64, r-release-windows-x86_64